{"id":8647,"date":"2019-04-25T16:10:11","date_gmt":"2019-04-25T16:10:11","guid":{"rendered":"https:\/\/www.umv.gov.co\/portal\/?page_id=8647"},"modified":"2024-08-30T23:48:10","modified_gmt":"2024-08-30T23:48:10","slug":"politica-integral","status":"publish","type":"page","link":"https:\/\/www.umv.gov.co\/portal\/politica-integral\/","title":{"rendered":"Pol\u00edtica integral"},"content":{"rendered":"<div class=\"wpb-content-wrapper\"><p>[vc_row pix_particles_check=&#8221;&#8221; css=&#8221;.vc_custom_1725060464536{margin-top: -20px !important;}&#8221;][vc_column]<span class=\"pix-badge-element h5 d-inline-flex mr-1 \"  ><span class=\"badge font-weight-bold secondary-font  bg-secondary  vc_custom_1725060486701  \" style=\" \"><span class=\"text-white\" style=\"\">Pol\u00edtica Integral:<\/span><\/span><\/span>[vc_column_text css=&#8221;&#8221;]<\/p>\n<div class=\"bs-shortcode-alert alert alert-info\">La pol\u00edtica del Sistema Integrado de Gesti\u00f3n del UAERMV est\u00e1 definida por la Alta Direcci\u00f3n, como una expresi\u00f3n que lo determina y orienta en el marco de la plataforma estrat\u00e9gica as\u00ed:<\/div>\n<div class=\"bs-shortcode-alert alert alert-info\">La UAERMV est\u00e1 presente en el desarrollo sostenible de Bogot\u00e1, con servicios de calidad que atienden las necesidades de los grupos de valor.<\/div>\n<div class=\"bs-shortcode-alert alert alert-info\">Se compromete a desarrollar su labor, con el uso racional de los recursos, cumpliendo los requisitos aplicables, la mejora continua en sus procesos, implementando acciones que incrementen la satisfacci\u00f3n del ciudadano, gestionando su operaci\u00f3n en un ambiente de trabajo seguro, con calidad, responsabilidad y compromiso con el medio ambiente<\/div>\n<p>[\/vc_column_text][\/vc_column][\/vc_row]<\/p>\n<\/div>","protected":false},"excerpt":{"rendered":"[vc_row pix_particles_check=&#8221;&#8221; css=&#8221;.vc_custom_1725060464536{margin-top: -20px !important;}&#8221;][vc_column][vc_column_text css=&#8221;&#8221;] La pol\u00edtica del Sistema Integrado de Gesti\u00f3n del UAERMV est\u00e1 definida por la Alta Direcci\u00f3n, como una expresi\u00f3n que lo determina y orienta en el marco de la plataforma estrat\u00e9gica as\u00ed: La UAERMV est\u00e1&#8230;","protected":false},"author":1,"featured_media":0,"parent":0,"menu_order":0,"comment_status":"closed","ping_status":"closed","template":"","meta":{"_monsterinsights_skip_tracking":false,"_monsterinsights_sitenote_active":false,"_monsterinsights_sitenote_note":"","_monsterinsights_sitenote_category":0,"footnotes":""},"class_list":["post-8647","page","type-page","status-publish","hentry"],"_links":{"self":[{"href":"https:\/\/www.umv.gov.co\/portal\/wp-json\/wp\/v2\/pages\/8647","targetHints":{"allow":["GET"]}}],"collection":[{"href":"https:\/\/www.umv.gov.co\/portal\/wp-json\/wp\/v2\/pages"}],"about":[{"href":"https:\/\/www.umv.gov.co\/portal\/wp-json\/wp\/v2\/types\/page"}],"author":[{"embeddable":true,"href":"https:\/\/www.umv.gov.co\/portal\/wp-json\/wp\/v2\/users\/1"}],"replies":[{"embeddable":true,"href":"https:\/\/www.umv.gov.co\/portal\/wp-json\/wp\/v2\/comments?post=8647"}],"version-history":[{"count":0,"href":"https:\/\/www.umv.gov.co\/portal\/wp-json\/wp\/v2\/pages\/8647\/revisions"}],"wp:attachment":[{"href":"https:\/\/www.umv.gov.co\/portal\/wp-json\/wp\/v2\/media?parent=8647"}],"curies":[{"name":"wp","href":"https:\/\/api.w.org\/{rel}","templated":true}]}}