{"id":53907,"date":"2026-01-02T23:37:18","date_gmt":"2026-01-02T23:37:18","guid":{"rendered":"https:\/\/www.umv.gov.co\/portal\/?page_id=53907"},"modified":"2026-04-17T00:13:16","modified_gmt":"2026-04-17T00:13:16","slug":"informes-evaluacion-y-auditoria-2026","status":"publish","type":"page","link":"https:\/\/www.umv.gov.co\/portal\/informes-evaluacion-y-auditoria-2026\/","title":{"rendered":"Informes evaluaci\u00f3n y auditor\u00eda 2026"},"content":{"rendered":"<div class=\"wpb-content-wrapper\">[vc_row pix_particles_check=&#8221;&#8221; css=&#8221;.vc_custom_1725648742193{margin-top: -20px !important;}&#8221;][vc_column]<span class=\"pix-badge-element h6 d-inline-flex mr-1 \"  ><span class=\"badge font-weight-bold secondary-font  bg-secondary  vc_custom_1725648714154  \" style=\" \"><span class=\"text-white\" style=\"\">4.8.1 INFORMES DE EVALUACI\u00d3N Y AUDITOR\u00cdA:<\/span><\/span><\/span>[vc_tta_accordion section_title_tag=&#8221;h6&#8243; style=&#8221;modern&#8221; color=&#8221;white&#8221; c_icon=&#8221;&#8221; active_section=&#8221;&#8221; collapsible_all=&#8221;true&#8221;][vc_tta_section i_icon_fontawesome=&#8221;far fa-file-alt&#8221; add_icon=&#8221;true&#8221; title=&#8221;4.8.1.1. Plan anual de Auditor\u00edas&#8221; tab_id=&#8221;1549495924496-320e321a-10d9&#8243;][vc_column_text css=&#8221;&#8221;]<table width=\"915\" align=\"center\">\n<tbody>\n<tr>\n<td style=\"text-align: center;\" align=\"center\" width=\"70\">\n<div class=\"bs-shortcode-alert alert alert-warning\"><strong>C\u00d3DIGO<\/strong><\/div><\/td>\n<td style=\"text-align: center;\" width=\"692\">\n<div class=\"bs-shortcode-alert alert alert-warning\"><strong>NOMBRE DEL INFORME<\/strong><\/div><\/td>\n<td style=\"text-align: center;\" width=\"74\">\n<div class=\"bs-shortcode-alert alert alert-warning\"><strong>FORMATO<\/strong><\/div><\/td>\n<\/tr>\n<tr bgcolor=\"#efefef\">\n<td>\n<div class=\"bs-shortcode-alert alert alert-info\">4.8.1.1a<\/div><\/td>\n<td>\n<div class=\"bs-shortcode-alert alert alert-info\">\n<p class=\"x_elementToProof\"><a href=\"https:\/\/www.umv.gov.co\/portal\/wp-content\/uploads\/2026\/01\/4.8.1.1a-PLAN-ANUAL-DE-AUDITORIAS-VERSION-1-2026.pdf\" target=\"_blank\" rel=\"noopener\"><span data-olk-copy-source=\"MessageBody\">Plan anual de auditor\u00edas 2026 V1<\/span><\/a><\/p>\n\n<\/div><\/td>\n<td>\n<div class=\"bs-shortcode-alert alert alert-info\">Pdf<\/div><\/td>\n<\/tr>\n<tr bgcolor=\"#efefef\">\n<td>\n<div class=\"bs-shortcode-alert alert alert-info\">4.8.1.1b<\/div><\/td>\n<td>\n<div class=\"bs-shortcode-alert alert alert-info\">\n<p class=\"x_elementToProof\"><a href=\"https:\/\/www.umv.gov.co\/portal\/wp-content\/uploads\/2026\/02\/4.8.1.1b-Plan-anual-de-auditorias-2026-V2.pdf\" target=\"_blank\" rel=\"noopener\"><span data-olk-copy-source=\"MessageBody\">Plan anual de auditor\u00edas 2026 V2<\/span><\/a><\/p>\n\n<\/div><\/td>\n<td>\n<div class=\"bs-shortcode-alert alert alert-info\">Pdf<\/div><\/td>\n<\/tr>\n<\/tbody>\n<\/table>[\/vc_column_text][\/vc_tta_section][vc_tta_section i_icon_fontawesome=&#8221;far fa-file-alt&#8221; add_icon=&#8221;true&#8221; title=&#8221;4.8.1.2. Informes finales de auditor\u00eda&#8221; tab_id=&#8221;1549495924539-1d9fcb52-efe0&#8243;][vc_column_text css=&#8221;&#8221;]<table width=\"915\" align=\"center\">\n<tbody>\n<tr>\n<td style=\"text-align: center;\" align=\"center\" width=\"70\">\n<div class=\"bs-shortcode-alert alert alert-warning\"><strong>C\u00d3DIGO<\/strong><\/div><\/td>\n<td style=\"text-align: center;\" width=\"692\">\n<div class=\"bs-shortcode-alert alert alert-warning\"><strong>NOMBRE DEL INFORME<\/strong><\/div><\/td>\n<td style=\"text-align: center;\" width=\"74\">\n<div class=\"bs-shortcode-alert alert alert-warning\"><strong>FORMATO<\/strong><\/div><\/td>\n<\/tr>\n<tr bgcolor=\"#efefef\">\n<td>\n<div class=\"bs-shortcode-alert alert alert-info\">4.8.1.2a<\/div><\/td>\n<td>\n<div class=\"bs-shortcode-alert alert alert-info\">\n<p class=\"x_elementToProof\"><a href=\"https:\/\/www.umv.gov.co\/portal\/wp-content\/uploads\/2026\/04\/4.8.1.2a-Informe-Ejecutivo-de-Auditoria-MSPI.pdf\" target=\"_blank\" rel=\"noopener\"><span data-olk-copy-source=\"MessageBody\">Informe Ejecutivo de Auditor\u00eda MSPI<\/span><\/a><\/p>\n\n<\/div><\/td>\n<td>\n<div class=\"bs-shortcode-alert alert alert-info\">Pdf<\/div><\/td>\n<\/tr>\n<\/tbody>\n<\/table>[\/vc_column_text][\/vc_tta_section][vc_tta_section i_icon_fontawesome=&#8221;far fa-file-alt&#8221; add_icon=&#8221;true&#8221; title=&#8221;4.8.1.3. Informe semestral de evaluaci\u00f3n del Sistema de Control Interno&#8221; tab_id=&#8221;1551475014488-6087b092-7ceb&#8221;][vc_column_text css=&#8221;&#8221;]<table width=\"915\" align=\"center\">\n<tbody>\n<tr>\n<td style=\"text-align: center;\" align=\"center\" width=\"70\">\n<div class=\"bs-shortcode-alert alert alert-warning\"><strong>C\u00d3DIGO<\/strong><\/div><\/td>\n<td style=\"text-align: center;\" width=\"692\">\n<div class=\"bs-shortcode-alert alert alert-warning\"><strong>NOMBRE DEL INFORME<\/strong><\/div><\/td>\n<td style=\"text-align: center;\" width=\"74\">\n<div class=\"bs-shortcode-alert alert alert-warning\"><strong>FORMATO<\/strong><\/div><\/td>\n<\/tr>\n<tr bgcolor=\"#efefef\">\n<td>\n<div class=\"bs-shortcode-alert alert alert-info\">4.8.1.3a<\/div><\/td>\n<td>\n<div class=\"bs-shortcode-alert alert alert-info\">\n<p class=\"x_elementToProof\"><a href=\"https:\/\/www.umv.gov.co\/portal\/wp-content\/uploads\/2026\/01\/4.8.1.3-a-Informe-de-evaluacion-del-sistema-de-control-interno-en-la-UAERMV-II-semestre-2025.pdf\" target=\"_blank\" rel=\"noopener\"><span data-olk-copy-source=\"MessageBody\">Informe de evaluaci\u00f3n del sistema de control interno en la UAERMV II semestre 2025.<\/span><\/a><\/p>\n\n<\/div><\/td>\n<td>\n<div class=\"bs-shortcode-alert alert alert-info\">Pdf<\/div><\/td>\n<\/tr>\n<\/tbody>\n<\/table>[\/vc_column_text][\/vc_tta_section][vc_tta_section i_icon_fontawesome=&#8221;&#8221; add_icon=&#8221;true&#8221; title=&#8221;4.8.1.4. Informes elaborados por \u00f3rganos de control externos 2025&#8243; tab_id=&#8221;1577831656919-26c4f820-a897&#8243;][\/vc_tta_section][\/vc_tta_accordion][\/vc_column][\/vc_row]<\/div>","protected":false},"excerpt":{"rendered":"[vc_row pix_particles_check=&#8221;&#8221; css=&#8221;.vc_custom_1725648742193{margin-top: -20px !important;}&#8221;][vc_column][vc_tta_accordion section_title_tag=&#8221;h6&#8243; style=&#8221;modern&#8221; color=&#8221;white&#8221; c_icon=&#8221;&#8221; active_section=&#8221;&#8221; collapsible_all=&#8221;true&#8221;][vc_tta_section i_icon_fontawesome=&#8221;far fa-file-alt&#8221; add_icon=&#8221;true&#8221; title=&#8221;4.8.1.1. Plan anual de Auditor\u00edas&#8221; tab_id=&#8221;1549495924496-320e321a-10d9&#8243;][vc_column_text css=&#8221;&#8221;] C\u00d3DIGO NOMBRE DEL INFORME FORMATO 4.8.1.1a Plan anual de auditor\u00edas 2026 V1 Pdf 4.8.1.1b Plan anual de auditor\u00edas 2026&#8230;","protected":false},"author":1,"featured_media":0,"parent":0,"menu_order":0,"comment_status":"closed","ping_status":"closed","template":"","meta":{"_monsterinsights_skip_tracking":false,"_monsterinsights_sitenote_active":false,"_monsterinsights_sitenote_note":"","_monsterinsights_sitenote_category":0,"footnotes":""},"class_list":["post-53907","page","type-page","status-publish","hentry"],"_links":{"self":[{"href":"https:\/\/www.umv.gov.co\/portal\/wp-json\/wp\/v2\/pages\/53907","targetHints":{"allow":["GET"]}}],"collection":[{"href":"https:\/\/www.umv.gov.co\/portal\/wp-json\/wp\/v2\/pages"}],"about":[{"href":"https:\/\/www.umv.gov.co\/portal\/wp-json\/wp\/v2\/types\/page"}],"author":[{"embeddable":true,"href":"https:\/\/www.umv.gov.co\/portal\/wp-json\/wp\/v2\/users\/1"}],"replies":[{"embeddable":true,"href":"https:\/\/www.umv.gov.co\/portal\/wp-json\/wp\/v2\/comments?post=53907"}],"version-history":[{"count":4,"href":"https:\/\/www.umv.gov.co\/portal\/wp-json\/wp\/v2\/pages\/53907\/revisions"}],"predecessor-version":[{"id":56542,"href":"https:\/\/www.umv.gov.co\/portal\/wp-json\/wp\/v2\/pages\/53907\/revisions\/56542"}],"wp:attachment":[{"href":"https:\/\/www.umv.gov.co\/portal\/wp-json\/wp\/v2\/media?parent=53907"}],"curies":[{"name":"wp","href":"https:\/\/api.w.org\/{rel}","templated":true}]}}