{"id":37019,"date":"2024-01-17T00:41:48","date_gmt":"2024-01-17T00:41:48","guid":{"rendered":"https:\/\/www.umv.gov.co\/portal\/?page_id=37019"},"modified":"2025-01-17T15:39:52","modified_gmt":"2025-01-17T15:39:52","slug":"informes-evaluacion-y-auditoria-2024","status":"publish","type":"page","link":"https:\/\/www.umv.gov.co\/portal\/informes-evaluacion-y-auditoria-2024\/","title":{"rendered":"Informes evaluaci\u00f3n y auditor\u00eda 2024"},"content":{"rendered":"<div class=\"wpb-content-wrapper\"><p>[vc_row pix_particles_check=&#8221;&#8221; css=&#8221;.vc_custom_1725648742193{margin-top: -20px !important;}&#8221;][vc_column]<span class=\"pix-badge-element h6 d-inline-flex mr-1 \"  ><span class=\"badge font-weight-bold secondary-font  bg-secondary  vc_custom_1725648714154  \" style=\" \"><span class=\"text-white\" style=\"\">4.8.1 INFORMES DE EVALUACI\u00d3N Y AUDITOR\u00cdA:<\/span><\/span><\/span>[vc_tta_accordion section_title_tag=&#8221;h6&#8243; style=&#8221;modern&#8221; color=&#8221;white&#8221; c_icon=&#8221;&#8221; active_section=&#8221;&#8221; collapsible_all=&#8221;true&#8221;][vc_tta_section i_icon_fontawesome=&#8221;far fa-file-alt&#8221; add_icon=&#8221;true&#8221; title=&#8221;4.8.1.1. Plan anual de Auditor\u00edas&#8221; tab_id=&#8221;1549495924496-320e321a-10d9&#8243;][vc_column_text]<\/p>\n<table width=\"1000\" align=\"center\">\n<tbody>\n<tr>\n<td width=\"79\">\n<div class=\"bs-shortcode-alert alert alert-warning\" style=\"text-align: center;\"><b>C\u00d3DIGO<\/b><\/div>\n<\/td>\n<td style=\"text-align: center;\" width=\"345\">\n<div class=\"bs-shortcode-alert alert alert-warning\"><strong>NOMBRE DEL INFORME<\/strong><\/div>\n<\/td>\n<td width=\"74\">\n<div class=\"bs-shortcode-alert alert alert-warning\" style=\"text-align: center;\"><strong>FORMATO<\/strong><\/div>\n<\/td>\n<\/tr>\n<tr>\n<td>\n<div class=\"bs-shortcode-alert alert alert-info\">4.8.1.1a<\/div>\n<\/td>\n<td>\n<div class=\"bs-shortcode-alert alert alert-info\">\n<p class=\"x_elementToProof\"><a href=\"https:\/\/www.umv.gov.co\/portal\/wp-content\/uploads\/2024\/01\/Plan-anual-de-auditoria-2024-publicar-vf-1.pdf\" target=\"_blank\" rel=\"noopener\">Plan anual de auditor\u00edas 2024<\/a><\/p>\n<\/div>\n<\/td>\n<td>\n<div class=\"bs-shortcode-alert alert alert-info\">Pdf<\/div>\n<\/td>\n<\/tr>\n<\/tbody>\n<\/table>\n<p>[\/vc_column_text][\/vc_tta_section][vc_tta_section i_icon_fontawesome=&#8221;far fa-file-alt&#8221; add_icon=&#8221;true&#8221; title=&#8221;4.8.1.2. Informes finales de auditor\u00eda&#8221; tab_id=&#8221;1549495924539-1d9fcb52-efe0&#8243;][vc_column_text css=&#8221;&#8221;]<\/p>\n<table width=\"1000\" align=\"center\">\n<tbody>\n<tr>\n<td width=\"79\">\n<div class=\"bs-shortcode-alert alert alert-warning\" style=\"text-align: center;\"><b>C\u00d3DIGO<\/b><\/div>\n<\/td>\n<td style=\"text-align: center;\" width=\"345\">\n<div class=\"bs-shortcode-alert alert alert-warning\"><strong>NOMBRE DEL INFORME<\/strong><\/div>\n<\/td>\n<td width=\"74\">\n<div class=\"bs-shortcode-alert alert alert-warning\" style=\"text-align: center;\"><strong>FORMATO<\/strong><\/div>\n<\/td>\n<\/tr>\n<tr>\n<td>\n<div class=\"bs-shortcode-alert alert alert-info\">4.8.1.2a<\/div>\n<\/td>\n<td>\n<div class=\"bs-shortcode-alert alert alert-info\">\n<p class=\"x_elementToProof\"><a href=\"https:\/\/www.umv.gov.co\/portal\/wp-content\/uploads\/2024\/04\/4.8.1.2-a-Informe-ejecutivo-de-auditoria-interna-proceso-intervencion-de-la-infraestructura-INFRA-2024-vf.pdf\" target=\"_blank\" rel=\"noopener\">Informe ejecutivo de auditor\u00eda interna proceso intervenci\u00f3n de la infraestructura -INFRA 2024<\/a><\/p>\n<\/div>\n<\/td>\n<td>\n<div class=\"bs-shortcode-alert alert alert-info\">Pdf<\/div>\n<\/td>\n<\/tr>\n<tr>\n<td>\n<div class=\"bs-shortcode-alert alert alert-info\">4.8.1.2b<\/div>\n<\/td>\n<td>\n<div class=\"bs-shortcode-alert alert alert-info\">\n<div class=\"x_elementToProof\"><a href=\"https:\/\/www.umv.gov.co\/portal\/wp-content\/uploads\/2024\/05\/4.8.1.2-b-Informe-ejecutivo-de-auditoria-proceso-Gestion-Juridica-2024-1.pdf\" target=\"_blank\" rel=\"noopener\">Informe ejecutivo de auditor\u00eda\u00a0 proceso\u00a0 Gesti\u00f3n Jur\u00eddica 2024<\/a><\/div>\n<\/div>\n<\/td>\n<td>\n<div class=\"bs-shortcode-alert alert alert-info\">Pdf<\/div>\n<\/td>\n<\/tr>\n<tr>\n<td>\n<div class=\"bs-shortcode-alert alert alert-info\">4.8.1.2c<\/div>\n<\/td>\n<td>\n<div class=\"bs-shortcode-alert alert alert-info\">\n<div class=\"x_elementToProof\"><a href=\"https:\/\/www.umv.gov.co\/portal\/wp-content\/uploads\/2024\/05\/4.8.1.2c-Informe-ejecutivo-de-auditoria-a-la-Implementacion-y-adquisicion-de-software-en-las-areas-yo-procesos-de-la-UMV.pdf\" target=\"_blank\" rel=\"noopener\">Informe ejecutivo de auditor\u00eda a la Implementaci\u00f3n y adquisici\u00f3n de software en las \u00e1reas y\/o procesos de la UMV<\/a><\/div>\n<\/div>\n<\/td>\n<td>\n<div class=\"bs-shortcode-alert alert alert-info\">Pdf<\/div>\n<\/td>\n<\/tr>\n<tr>\n<td>\n<div class=\"bs-shortcode-alert alert alert-info\">4.8.1.2d<\/div>\n<\/td>\n<td>\n<div class=\"bs-shortcode-alert alert alert-info\">\n<div class=\"x_elementToProof\"><a href=\"https:\/\/www.umv.gov.co\/portal\/wp-content\/uploads\/2024\/06\/4.8.1.2-d-Informe-ejecutivo-de-Auditoria-de-Presupuesto-y-Pagos-vf.pdf\" target=\"_blank\" rel=\"noopener\">Informe ejecutivo de Auditor\u00eda de Presupuesto y Pagos<\/a><\/div>\n<\/div>\n<\/td>\n<td>\n<div class=\"bs-shortcode-alert alert alert-info\">Pdf<\/div>\n<\/td>\n<\/tr>\n<tr>\n<td>\n<div class=\"bs-shortcode-alert alert alert-info\">4.8.1.2e<\/div>\n<\/td>\n<td>\n<div class=\"bs-shortcode-alert alert alert-info\">\n<div class=\"x_elementToProof\"><a href=\"https:\/\/www.umv.gov.co\/portal\/wp-content\/uploads\/2024\/06\/4.8.1.2-e-Informe-ejecutivo-de-Auditoria-al-contrato-Sindical-370-de-2023-1.pdf\" target=\"_blank\" rel=\"noopener\">Informe ejecutivo de Auditor\u00eda\u00a0 al contrato Sindical\u00a0 370 de 2023<\/a><\/div>\n<\/div>\n<\/td>\n<td>\n<div class=\"bs-shortcode-alert alert alert-info\">Pdf<\/div>\n<\/td>\n<\/tr>\n<tr>\n<td>\n<div class=\"bs-shortcode-alert alert alert-info\">4.8.1.2f<\/div>\n<\/td>\n<td>\n<div class=\"bs-shortcode-alert alert alert-info\">\n<div class=\"x_elementToProof\"><a href=\"https:\/\/www.umv.gov.co\/portal\/wp-content\/uploads\/2024\/07\/4.8.1.2f-Informe-ejecutivo-de-Auditoria-a-Comites-Institucionales.pdf\" target=\"_blank\" rel=\"noopener\">Informe ejecutivo de Auditor\u00eda a Comit\u00e9s Institucionales.<\/a><\/div>\n<\/div>\n<\/td>\n<td>\n<div class=\"bs-shortcode-alert alert alert-info\">Pdf<\/div>\n<\/td>\n<\/tr>\n<tr>\n<td>\n<div class=\"bs-shortcode-alert alert alert-info\">4.8.1.2g<\/div>\n<\/td>\n<td>\n<div class=\"bs-shortcode-alert alert alert-info\">\n<div class=\"x_elementToProof\"><a href=\"https:\/\/www.umv.gov.co\/portal\/wp-content\/uploads\/2024\/07\/4.8.1.2g-Informe-ejecutivo-de-Auditoria-al-proceso-de-produccion-de-mezcla-PRO.pdf\" target=\"_blank\" rel=\"noopener\">Informe ejecutivo de Auditor\u00eda al proceso de producci\u00f3n de mezcla-PRO<\/a><\/div>\n<\/div>\n<\/td>\n<td>\n<div class=\"bs-shortcode-alert alert alert-info\">Pdf<\/div>\n<\/td>\n<\/tr>\n<tr>\n<td>\n<div class=\"bs-shortcode-alert alert alert-info\">4.8.1.2h<\/div>\n<\/td>\n<td>\n<div class=\"bs-shortcode-alert alert alert-info\">\n<div class=\"x_elementToProof\"><a href=\"https:\/\/www.umv.gov.co\/portal\/wp-content\/uploads\/2024\/07\/4.8.1.2h-Informe-ejecutivo-de-Auditoria-al-proceso-Control-Interno-Disciplinario-CODI.pdf\" target=\"_blank\" rel=\"noopener\">Informe Ejecutivo de Auditor\u00eda al proceso Control Interno \u00a0Disciplinario- CODI<\/a><\/div>\n<\/div>\n<\/td>\n<td>\n<div class=\"bs-shortcode-alert alert alert-info\">Pdf<\/div>\n<\/td>\n<\/tr>\n<tr>\n<td>\n<div class=\"bs-shortcode-alert alert alert-info\">4.8.1.2i<\/div>\n<\/td>\n<td>\n<div class=\"bs-shortcode-alert alert alert-info\">\n<div class=\"x_elementToProof\"><a href=\"https:\/\/www.umv.gov.co\/portal\/wp-content\/uploads\/2024\/07\/4.8.1.2i-Informe-ejecutivo-auditoria-transversal-Gestion-documental-20241.pdf\" target=\"_blank\" rel=\"noopener\">Informe ejecutivo auditor\u00eda transversal Gesti\u00f3n documental 2024<\/a><\/div>\n<\/div>\n<\/td>\n<td>\n<div class=\"bs-shortcode-alert alert alert-info\">Pdf<\/div>\n<\/td>\n<\/tr>\n<tr>\n<td>\n<div class=\"bs-shortcode-alert alert alert-info\">4.8.1.2j<\/div>\n<\/td>\n<td>\n<div class=\"bs-shortcode-alert alert alert-info\">\n<div class=\"x_elementToProof\"><a href=\"https:\/\/www.umv.gov.co\/portal\/wp-content\/uploads\/2024\/07\/4.8.1.2j-Informe-ejecutivo-auditoria-estados-financieros-2024.pdf\" target=\"_blank\" rel=\"noopener\">Informe ejecutivo auditor\u00eda estados financieros 2024<\/a><\/div>\n<\/div>\n<\/td>\n<td>\n<div class=\"bs-shortcode-alert alert alert-info\">Pdf<\/div>\n<\/td>\n<\/tr>\n<tr>\n<td>\n<div class=\"bs-shortcode-alert alert alert-info\">4.8.1.2k<\/div>\n<\/td>\n<td>\n<div class=\"bs-shortcode-alert alert alert-info\">\n<div class=\"x_elementToProof\"><a href=\"https:\/\/www.umv.gov.co\/portal\/wp-content\/uploads\/2024\/10\/4.8.1.2k-Informe-ejecutivo-de-auditoria-a-gerencia-produccion-mezclas-y-concreto-hidraulico-vf.pdf\" target=\"_blank\" rel=\"noopener\">Informe ejecutivo <span data-olk-copy-source=\"MessageBody\">de auditoria a Gerencia Producci\u00f3n Mezclas y Concreto Hidr\u00e1ulico<\/span><\/a><\/div>\n<\/div>\n<\/td>\n<td>\n<div class=\"bs-shortcode-alert alert alert-info\">Pdf<\/div>\n<\/td>\n<\/tr>\n<tr>\n<td>\n<div class=\"bs-shortcode-alert alert alert-info\">4.8.1.2l<\/div>\n<\/td>\n<td>\n<div class=\"bs-shortcode-alert alert alert-info\">\n<div class=\"x_elementToProof\"><a href=\"https:\/\/www.umv.gov.co\/portal\/wp-content\/uploads\/2024\/10\/4.8.1.2L-Informe-ejecutivo-de-Auditoria-Actos-Administrativos-2024.pdf\" target=\"_blank\" rel=\"noopener\"><span data-olk-copy-source=\"MessageBody\">Informe ejecutivo de auditoria a Actos Administrativos 2024<\/span><\/a><\/div>\n<\/div>\n<\/td>\n<td>\n<div class=\"bs-shortcode-alert alert alert-info\">Pdf<\/div>\n<\/td>\n<\/tr>\n<tr>\n<td>\n<div class=\"bs-shortcode-alert alert alert-info\">4.8.1.2m<\/div>\n<\/td>\n<td>\n<div class=\"bs-shortcode-alert alert alert-info\">\n<div class=\"x_elementToProof\"><a href=\"https:\/\/www.umv.gov.co\/portal\/wp-content\/uploads\/2024\/11\/4.-8.1.2m-Infome-ejecutivo-de-Auditoria-Liquidacion-de-Impuestos-GAF-1.pdf\" target=\"_blank\" rel=\"noopener\"><span data-olk-copy-source=\"MessageBody\">Informe ejecutivo de auditoria Liquidaci\u00f3n de Impuestos<\/span><\/a><\/div>\n<\/div>\n<\/td>\n<td>\n<div class=\"bs-shortcode-alert alert alert-info\">Pdf<\/div>\n<\/td>\n<\/tr>\n<tr>\n<td>\n<div class=\"bs-shortcode-alert alert alert-info\">4.8.1.2n<\/div>\n<\/td>\n<td>\n<div class=\"bs-shortcode-alert alert alert-info\">\n<div class=\"x_elementToProof\"><a href=\"https:\/\/www.umv.gov.co\/portal\/wp-content\/uploads\/2024\/11\/4.8.1.2n-Informe-ejecutivo-auditoria-al-Modelo-de-Seguridad-y-Privacidad-de-la-Informacion-MSPI-EH.pdf\" target=\"_blank\" rel=\"noopener\"><span data-olk-copy-source=\"MessageBody\">Informe ejecutivo auditor\u00eda al Modelo de Seguridad y Privacidad de la Informaci\u00f3n MSPI &#8211; EH<\/span><\/a><\/div>\n<\/div>\n<\/td>\n<td>\n<div class=\"bs-shortcode-alert alert alert-info\">Pdf<\/div>\n<\/td>\n<\/tr>\n<tr>\n<td>\n<div class=\"bs-shortcode-alert alert alert-info\">4.8.1.2o<\/div>\n<\/td>\n<td>\n<div class=\"bs-shortcode-alert alert alert-info\">\n<div class=\"x_elementToProof\"><a href=\"https:\/\/www.umv.gov.co\/portal\/wp-content\/uploads\/2024\/12\/4.8.1.2O-Infome-ejecutivo-de-Auditoria-al-proceso-INFRA.pdf\" target=\"_blank\" rel=\"noopener\"><span data-olk-copy-source=\"MessageBody\">Informe Ejecutivo de Auditor\u00eda del\u00a0 proceso \u00a0INFRA<\/span><\/a><\/div>\n<\/div>\n<\/td>\n<td>\n<div class=\"bs-shortcode-alert alert alert-info\">Pdf<\/div>\n<\/td>\n<\/tr>\n<tr>\n<td>\n<div class=\"bs-shortcode-alert alert alert-info\">4.8.1.2p<\/div>\n<\/td>\n<td>\n<div class=\"bs-shortcode-alert alert alert-info\">\n<div class=\"x_elementToProof\"><a href=\"https:\/\/www.umv.gov.co\/portal\/wp-content\/uploads\/2025\/01\/4.8.1.2p-Informe-ejecutivo-de-auditoria-a-la-gestion-Contractual.-1-1.pdf\" target=\"_blank\" rel=\"noopener\"><span data-olk-copy-source=\"MessageBody\">Informe ejecutivo de auditor\u00eda a la gesti\u00f3n Contractual<\/span><\/a><\/div>\n<\/div>\n<\/td>\n<td>\n<div class=\"bs-shortcode-alert alert alert-info\">Pdf<\/div>\n<\/td>\n<\/tr>\n<\/tbody>\n<\/table>\n<p>[\/vc_column_text][\/vc_tta_section][vc_tta_section i_icon_fontawesome=&#8221;far fa-file-alt&#8221; add_icon=&#8221;true&#8221; title=&#8221;4.8.1.3. Informe semestral de evaluaci\u00f3n del Sistema de Control Interno&#8221; tab_id=&#8221;1551475014488-6087b092-7ceb&#8221;][vc_column_text]<\/p>\n<table width=\"1000\" align=\"center\">\n<tbody>\n<tr>\n<td width=\"79\">\n<div class=\"bs-shortcode-alert alert alert-warning\" style=\"text-align: center;\"><b>C\u00d3DIGO<\/b><\/div>\n<\/td>\n<td style=\"text-align: center;\" width=\"345\">\n<div class=\"bs-shortcode-alert alert alert-warning\"><strong>NOMBRE DEL INFORME<\/strong><\/div>\n<\/td>\n<td width=\"74\">\n<div class=\"bs-shortcode-alert alert alert-warning\" style=\"text-align: center;\"><strong>FORMATO<\/strong><\/div>\n<\/td>\n<\/tr>\n<tr>\n<td>\n<div class=\"bs-shortcode-alert alert alert-info\">4.8.1.3a<\/div>\n<\/td>\n<td>\n<div class=\"bs-shortcode-alert alert alert-info\">\n<p><a href=\"https:\/\/www.umv.gov.co\/portal\/wp-content\/uploads\/2024\/01\/4.8.1.3.a-Informe-de-evaluacion-independiente-del-estado-del-sistema-de-control-interno-en-la-UAERMV-II-semestre-2023-3-1.pdf\" target=\"_blank\" rel=\"noopener\">Informe \u00a0de evaluaci\u00f3n independiente del estado\u00a0del sistema de control interno en la UAERMV\u00a0II semestre 2023.<\/a><\/div>\n<\/td>\n<td>\n<div class=\"bs-shortcode-alert alert alert-info\">Pdf<\/div>\n<\/td>\n<\/tr>\n<tr>\n<td>\n<div class=\"bs-shortcode-alert alert alert-info\">4.8.1.3b<\/div>\n<\/td>\n<td>\n<div class=\"bs-shortcode-alert alert alert-info\">\n<p><a href=\"https:\/\/www.umv.gov.co\/portal\/wp-content\/uploads\/2024\/07\/4.8.1.3b-Informe-de-evaluacion-independiente-del-estado-del-sistema-de-control-interno-en-la-UAERMV-I-semestre-2024.pdf\" target=\"_blank\" rel=\"noopener\">Informe \u00a0de evaluaci\u00f3n independiente del estado\u00a0del sistema de control interno en la UAERMV\u00a0I semestre 2024<\/a><\/div>\n<\/td>\n<td>\n<div class=\"bs-shortcode-alert alert alert-info\">Pdf<\/div>\n<\/td>\n<\/tr>\n<\/tbody>\n<\/table>\n<p>[\/vc_column_text][\/vc_tta_section][vc_tta_section i_icon_fontawesome=&#8221;far fa-file-alt&#8221; add_icon=&#8221;true&#8221; title=&#8221;4.8.1.4. Informes elaborados por \u00f3rganos de control externos 2023&#8243; tab_id=&#8221;1577831656919-26c4f820-a897&#8243;][vc_column_text css=&#8221;&#8221;]<\/p>\n<table width=\"1000\" align=\"center\">\n<tbody>\n<tr>\n<td width=\"79\">\n<div class=\"bs-shortcode-alert alert alert-warning\" style=\"text-align: center;\"><b>C\u00d3DIGO<\/b><\/div>\n<\/td>\n<td style=\"text-align: center;\" width=\"345\">\n<div class=\"bs-shortcode-alert alert alert-warning\"><strong>NOMBRE DEL INFORME<\/strong><\/div>\n<\/td>\n<td width=\"74\">\n<div class=\"bs-shortcode-alert alert alert-warning\" style=\"text-align: center;\"><strong>FORMATO<\/strong><\/div>\n<\/td>\n<\/tr>\n<tr>\n<td>\n<div class=\"bs-shortcode-alert alert alert-info\">4.8.1.4a<\/div>\n<\/td>\n<td>\n<div class=\"bs-shortcode-alert alert alert-info\">\n<p class=\"x_elementToProof\"><a href=\"https:\/\/www.umv.gov.co\/portal\/wp-content\/uploads\/2024\/12\/4.8.1.4.a-Informe-de-Auditoria-especial-de-fiscalizacion-cod.-91-contraloria-de-Bogota.pdf\" target=\"_blank\" rel=\"noopener\"><span data-olk-copy-source=\"MessageBody\"> Informe de Auditor\u00eda especial de fiscalizaci\u00f3n cod. 91 \u00a0contralor\u00eda de Bogot\u00e1<\/span><\/a><\/p>\n<\/div>\n<\/td>\n<td>\n<div class=\"bs-shortcode-alert alert alert-info\">Pdf<\/div>\n<\/td>\n<\/tr>\n<\/tbody>\n<\/table>\n<p>[\/vc_column_text][\/vc_tta_section][\/vc_tta_accordion][\/vc_column][\/vc_row]<\/p>\n<\/div>","protected":false},"excerpt":{"rendered":"[vc_row pix_particles_check=&#8221;&#8221; css=&#8221;.vc_custom_1725648742193{margin-top: -20px !important;}&#8221;][vc_column][vc_tta_accordion section_title_tag=&#8221;h6&#8243; style=&#8221;modern&#8221; color=&#8221;white&#8221; c_icon=&#8221;&#8221; active_section=&#8221;&#8221; collapsible_all=&#8221;true&#8221;][vc_tta_section i_icon_fontawesome=&#8221;far fa-file-alt&#8221; add_icon=&#8221;true&#8221; title=&#8221;4.8.1.1. Plan anual de Auditor\u00edas&#8221; tab_id=&#8221;1549495924496-320e321a-10d9&#8243;][vc_column_text] C\u00d3DIGO NOMBRE DEL INFORME FORMATO 4.8.1.1a Plan anual de auditor\u00edas 2024 Pdf [\/vc_column_text][\/vc_tta_section][vc_tta_section i_icon_fontawesome=&#8221;far fa-file-alt&#8221; add_icon=&#8221;true&#8221; title=&#8221;4.8.1.2. Informes finales de&#8230;","protected":false},"author":1,"featured_media":0,"parent":0,"menu_order":0,"comment_status":"closed","ping_status":"closed","template":"","meta":{"_monsterinsights_skip_tracking":false,"_monsterinsights_sitenote_active":false,"_monsterinsights_sitenote_note":"","_monsterinsights_sitenote_category":0,"footnotes":""},"class_list":["post-37019","page","type-page","status-publish","hentry"],"_links":{"self":[{"href":"https:\/\/www.umv.gov.co\/portal\/wp-json\/wp\/v2\/pages\/37019","targetHints":{"allow":["GET"]}}],"collection":[{"href":"https:\/\/www.umv.gov.co\/portal\/wp-json\/wp\/v2\/pages"}],"about":[{"href":"https:\/\/www.umv.gov.co\/portal\/wp-json\/wp\/v2\/types\/page"}],"author":[{"embeddable":true,"href":"https:\/\/www.umv.gov.co\/portal\/wp-json\/wp\/v2\/users\/1"}],"replies":[{"embeddable":true,"href":"https:\/\/www.umv.gov.co\/portal\/wp-json\/wp\/v2\/comments?post=37019"}],"version-history":[{"count":0,"href":"https:\/\/www.umv.gov.co\/portal\/wp-json\/wp\/v2\/pages\/37019\/revisions"}],"wp:attachment":[{"href":"https:\/\/www.umv.gov.co\/portal\/wp-json\/wp\/v2\/media?parent=37019"}],"curies":[{"name":"wp","href":"https:\/\/api.w.org\/{rel}","templated":true}]}}