{"id":22270,"date":"2022-05-30T22:34:54","date_gmt":"2022-05-30T22:34:54","guid":{"rendered":"https:\/\/www.umv.gov.co\/portal\/?page_id=22270"},"modified":"2026-02-25T21:13:50","modified_gmt":"2026-02-25T21:13:50","slug":"participacion-y-consulta-ciudadana-de-proyectos-normas-politicas-o-programas","status":"publish","type":"page","link":"https:\/\/www.umv.gov.co\/portal\/participacion-ciudadana-2022\/participacion-y-consulta-ciudadana-de-proyectos-normas-politicas-o-programas\/","title":{"rendered":"Participaci\u00f3n y consulta ciudadana de proyectos, normas, pol\u00edticas o programas"},"content":{"rendered":"<div class=\"wpb-content-wrapper\">[vc_row pix_particles_check=&#8221;&#8221; css=&#8221;.vc_custom_1725636892992{margin-top: -30px !important;}&#8221;][vc_column][vc_column_text css=&#8221;&#8221;]<table border=\"1\" width=\"100%\" cellspacing=\"0\" cellpadding=\"0\" align=\"center\">\n<tbody>\n<tr>\n<td style=\"text-align: center;\" bgcolor=\"#FFFFFF\"><strong><span style=\"color: #ffffff;\"><a href=\"https:\/\/www.umv.gov.co\/portal\/participacion-ciudadana-2022\/participacion-para-el-diagnostico-e-identificacion-de-necesidades\/\"><img loading=\"lazy\" decoding=\"async\" class=\"alignnone wp-image-49693\" src=\"https:\/\/www.umv.gov.co\/portal\/wp-content\/uploads\/2025\/08\/PaginaWeb_SeccionParticipa_Participa_20250801_ParticipacionIdentificacion-1-150x150.jpg\" alt=\"\" width=\"180\" height=\"163\" srcset=\"https:\/\/www.umv.gov.co\/portal\/wp-content\/uploads\/2025\/08\/PaginaWeb_SeccionParticipa_Participa_20250801_ParticipacionIdentificacion-1-300x272.jpg 300w, https:\/\/www.umv.gov.co\/portal\/wp-content\/uploads\/2025\/08\/PaginaWeb_SeccionParticipa_Participa_20250801_ParticipacionIdentificacion-1.jpg 400w\" sizes=\"auto, (max-width: 180px) 100vw, 180px\" \/><\/a><\/span><\/strong><\/td>\n<td bgcolor=\"#FFFFFF\"><a href=\"https:\/\/www.umv.gov.co\/portal\/participacion-ciudadana-2022\/planeacion-y-o-presupuesto-participativo\/\"><img loading=\"lazy\" decoding=\"async\" class=\"alignnone wp-image-49682\" src=\"https:\/\/www.umv.gov.co\/portal\/wp-content\/uploads\/2025\/08\/PaginaWeb_SeccionParticipa_Participa_20250801_PlaneacionPresupuesto-300x272.jpg\" alt=\"Participaci\u00f3n para la identificaci\u00f3n de problemas y diagn\u00f3stico de necesidades\" width=\"180\" height=\"163\" srcset=\"https:\/\/www.umv.gov.co\/portal\/wp-content\/uploads\/2025\/08\/PaginaWeb_SeccionParticipa_Participa_20250801_PlaneacionPresupuesto-300x272.jpg 300w, https:\/\/www.umv.gov.co\/portal\/wp-content\/uploads\/2025\/08\/PaginaWeb_SeccionParticipa_Participa_20250801_PlaneacionPresupuesto.jpg 400w\" sizes=\"auto, (max-width: 180px) 100vw, 180px\" \/><\/a><\/td>\n<td bgcolor=\"#FFFFFF\"><span style=\"color: #ffffff;\"><strong><a href=\"https:\/\/www.umv.gov.co\/portal\/participacion-ciudadana-2022\/participacion-y-consulta-ciudadana-de-proyectos-normas-politicas-o-programas\/\"><img loading=\"lazy\" decoding=\"async\" class=\"alignnone wp-image-49696\" src=\"https:\/\/www.umv.gov.co\/portal\/wp-content\/uploads\/2025\/08\/PaginaWeb_SeccionParticipa_Participa_20250801_ParticipacionConsulta-300x272.jpg\" alt=\"Participaci\u00f3n y consulta ciudadana\" width=\"180\" height=\"163\" srcset=\"https:\/\/www.umv.gov.co\/portal\/wp-content\/uploads\/2025\/08\/PaginaWeb_SeccionParticipa_Participa_20250801_ParticipacionConsulta-300x272.jpg 300w, https:\/\/www.umv.gov.co\/portal\/wp-content\/uploads\/2025\/08\/PaginaWeb_SeccionParticipa_Participa_20250801_ParticipacionConsulta.jpg 400w\" sizes=\"auto, (max-width: 180px) 100vw, 180px\" \/><\/a><\/strong><\/span><\/td>\n<td bgcolor=\"#FFFFFF\"><span style=\"color: #ffffff;\"><strong><a href=\"https:\/\/www.umv.gov.co\/portal\/participacion-ciudadana-2022\/colaboracion-e-innovacion-abierta\/\"><img loading=\"lazy\" decoding=\"async\" class=\"alignnone wp-image-49697\" src=\"https:\/\/www.umv.gov.co\/portal\/wp-content\/uploads\/2025\/08\/PaginaWeb_SeccionParticipa_Participa_20250801_ColaboracionInnovacion-300x272.jpg\" alt=\"Colaboraci\u00f3n e innovaci\u00f3n abierta\" width=\"180\" height=\"163\" srcset=\"https:\/\/www.umv.gov.co\/portal\/wp-content\/uploads\/2025\/08\/PaginaWeb_SeccionParticipa_Participa_20250801_ColaboracionInnovacion-300x272.jpg 300w, https:\/\/www.umv.gov.co\/portal\/wp-content\/uploads\/2025\/08\/PaginaWeb_SeccionParticipa_Participa_20250801_ColaboracionInnovacion.jpg 400w\" sizes=\"auto, (max-width: 180px) 100vw, 180px\" \/><\/a><\/strong><\/span><\/td>\n<td bgcolor=\"#FFFFFF\"><span style=\"color: #ffffff;\"><strong><a href=\"https:\/\/www.umv.gov.co\/portal\/participacion-ciudadana-2022\/rendicion-de-cuentas\/\"><img loading=\"lazy\" decoding=\"async\" class=\"alignnone wp-image-49698\" src=\"https:\/\/www.umv.gov.co\/portal\/wp-content\/uploads\/2025\/08\/PaginaWeb_SeccionParticipa_Participa_20250801_RendicionCuentas-300x272.jpg\" alt=\"Rendici\u00f3n de cuentas\" width=\"180\" height=\"163\" srcset=\"https:\/\/www.umv.gov.co\/portal\/wp-content\/uploads\/2025\/08\/PaginaWeb_SeccionParticipa_Participa_20250801_RendicionCuentas-300x272.jpg 300w, https:\/\/www.umv.gov.co\/portal\/wp-content\/uploads\/2025\/08\/PaginaWeb_SeccionParticipa_Participa_20250801_RendicionCuentas.jpg 400w\" sizes=\"auto, (max-width: 180px) 100vw, 180px\" \/><\/a>&nbsp;<\/strong><\/span><\/td>\n<td bgcolor=\"#FFFFFF\"><span style=\"color: #ffffff;\"><strong><a href=\"https:\/\/www.umv.gov.co\/portal\/participacion-ciudadana-2022\/control-social\/\"><img loading=\"lazy\" decoding=\"async\" class=\"alignnone wp-image-49699\" src=\"https:\/\/www.umv.gov.co\/portal\/wp-content\/uploads\/2025\/08\/PaginaWeb_SeccionParticipa_Participa_20250801_ControlSocial-1-300x272.jpg\" alt=\"Control social\" width=\"180\" height=\"163\" srcset=\"https:\/\/www.umv.gov.co\/portal\/wp-content\/uploads\/2025\/08\/PaginaWeb_SeccionParticipa_Participa_20250801_ControlSocial-1-300x272.jpg 300w, https:\/\/www.umv.gov.co\/portal\/wp-content\/uploads\/2025\/08\/PaginaWeb_SeccionParticipa_Participa_20250801_ControlSocial-1.jpg 400w\" sizes=\"auto, (max-width: 180px) 100vw, 180px\" \/><\/a><\/strong><\/span><\/td>\n<\/tr>\n<\/tbody>\n<\/table>[\/vc_column_text][\/vc_column][\/vc_row][vc_row pix_particles_check=&#8221;&#8221;][vc_column width=&#8221;1\/3&#8243;]<div class=\"d-block w-100 text-center\"><a  href=\"https:\/\/www.umv.gov.co\/portal\/wp-content\/uploads\/2026\/02\/Plan-Institucional-de-Participacion-Ciudadana-2026.pdf\" class=\"btn mb-2    vc_custom_1772054028164   text-primary btn-secondary-light d-flex w-100  justify-content-center  align-items-center    secondary-font  pix-btn-div btn-md\" target=\"_blank\" rel=\"noopener\"    ><span class=\"font-weight-bold \" >Consulte el Plan de Participaci\u00f3n Ciudadana 2026<\/span><\/a><\/div>[\/vc_column][vc_column width=&#8221;1\/3&#8243;]<div class=\"d-block w-100 text-center\"><a  href=\"https:\/\/www.umv.gov.co\/portal\/resultados-participacion-ciudadana\/\" class=\"btn mb-2    vc_custom_1768679614428   text-primary btn-secondary-light d-flex w-100  justify-content-center  align-items-center    secondary-font  pix-btn-div btn-md\"     ><span class=\"font-weight-bold \" >Consulte los Resultados de participaci\u00f3n Ciudadana<\/span><\/a><\/div>[\/vc_column][vc_column width=&#8221;1\/3&#8243;]<div class=\"d-block w-100 text-center\"><a  href=\"https:\/\/www.umv.gov.co\/portal\/clico-umv-al-barrio\/\" class=\"btn mb-2    vc_custom_1768679656169   text-primary btn-secondary-light d-flex w-100  justify-content-center  align-items-center    secondary-font  pix-btn-div btn-md\"     ><span class=\"font-weight-bold \" >Ciclo UMV al\nBarrio<\/span><\/a><\/div>[\/vc_column][\/vc_row][vc_row pix_particles_check=&#8221;&#8221;][vc_column]<span class=\"pix-badge-element h6 d-inline-flex mr-1 \"  ><span class=\"badge font-weight-bold secondary-font  bg-secondary  vc_custom_1742242289518  \" style=\" \"><span class=\"text-white\" style=\"\">PARTICIPACI\u00d3N Y CONSULTA CIUDADANA DE PROYECTOS, NORMAS, POL\u00cdTICAS O PROGRAMAS<\/span><\/span><\/span>[\/vc_column][\/vc_row][vc_row pix_particles_check=&#8221;&#8221;][vc_column][vc_column_text css=&#8221;&#8221;]<p class=\"bs-shortcode-alert alert alert-simple\"><strong>Consulta a proyectos normativos<\/strong>\nLa UAERMV garantiza el derecho de sus grupos de valor a incidir en la construcci\u00f3n regulatoria a partir de los comentarios, sugerencias y observaciones sobre los proyectos normativos formulados por la Entidad. Conozca a continuaci\u00f3n los proyectos vigentes as\u00ed como el hist\u00f3rico de proyectos sometidos a consulta.<strong><a href=\"https:\/\/www.umv.gov.co\/portal\/normograma\/#proyectos-de-actos-administrativos\" target=\"_blank\" rel=\"noopener\">Clic Aqu\u00ed<\/a><\/strong>\n<p class=\"bs-shortcode-alert alert alert-simple\"><strong>Consulta a planes estrat\u00e9gicos institucionales:<\/strong>\nLa UAERMV pone a disposici\u00f3n de la ciudadan\u00eda en general y grupos de inter\u00e9s, los planes estrat\u00e9gicos institucionales y el plan de acci\u00f3n a los que hace referencia el Decreto 612 del 2018, para que se realicen comentarios, sugerencias y observaciones, como parte del proceso de di\u00e1logo y fortalecimiento de la gesti\u00f3n p\u00fablica. <a href=\"https:\/\/www.umv.gov.co\/portal\/participacion-ciudadana\/\" target=\"_blank\" rel=\"noopener\"><strong>Clic aqu\u00ed.<\/strong><\/a>[\/vc_column_text][\/vc_column][\/vc_row][vc_row pix_particles_check=&#8221;&#8221;][vc_column][vc_column_text css=&#8221;&#8221;]<ul>\n \t<li>\n<div class=\"bs-shortcode-alert alert alert-danger\"><a href=\"https:\/\/www.umv.gov.co\/portal\/wp-content\/uploads\/2022\/07\/APIC-PR-002_V6_Procedimiento_Participacion_de_Grupos_de_Valor.xls\"><span style=\"color: #000000;\">Procedimiento Participaci\u00f3n de Grupos de Valor<\/span><\/a><\/div><\/li>\n \t<li>\n<div class=\"bs-shortcode-alert alert alert-danger\"><a style=\"color: #000000;\" href=\"https:\/\/www.umv.gov.co\/portal\/wp-content\/uploads\/2021\/02\/Procedimiento-Participacion-Planeacion-Estrategica.xls\" target=\"_blank\" rel=\"noopener\">Procedimiento Participaci\u00f3n Planeaci\u00f3n Estrat\u00e9gica<\/a><\/div><\/li>\n<\/ul>[\/vc_column_text][\/vc_column][\/vc_row][vc_row pix_particles_check=&#8221;&#8221;][vc_column][vc_tta_accordion section_title_tag=&#8221;h6&#8243; style=&#8221;outline&#8221; color=&#8221;mulled-wine&#8221; active_section=&#8221;0&#8243; collapsible_all=&#8221;true&#8221;][vc_tta_section i_icon_fontawesome=&#8221;fas fa-globe&#8221; add_icon=&#8221;true&#8221; title=&#8221;Canal de consulta&#8221; tab_id=&#8221;Canal-de-consulta&#8221;][vc_btn title=&#8221;<b>QUEREMOS CONOCER TUS PROPUESTAS O OPINIONES. \u00a1PARTICIPA! DANDO CLIC AQU\u00cd<\/b>&#8221; style=&#8221;gradient-custom&#8221; gradient_custom_color_2=&#8221;#db281e&#8221; size=&#8221;sm&#8221; align=&#8221;center&#8221; i_icon_fontawesome=&#8221;fas fa-users&#8221; button_block=&#8221;true&#8221; add_icon=&#8221;true&#8221; link=&#8221;url:https%3A%2F%2Fwww.umv.gov.co%2Fportal%2Fparticipacion-ciudadana%2F&#8221;][\/vc_tta_section][vc_tta_section i_icon_fontawesome=&#8221;fas fa-gavel&#8221; add_icon=&#8221;true&#8221; title=&#8221;Observaciones, comentarios y respuestas de proyectos normativos&#8221; tab_id=&#8221;Seccion-Normativa&#8221;][vc_column_text css=&#8221;&#8221;]<p class=\"bs-shortcode-alert alert alert-danger\"><a href=\"https:\/\/www.umv.gov.co\/portal\/normograma\/#observaciones-paa\" target=\"_blank\" rel=\"noopener\"><strong><span style=\"color: #000000;\">Consulte las Observaciones realizadas a Proyectos de Actos Administrativos<\/span><\/strong><\/a><\/p>[\/vc_column_text][\/vc_tta_section][vc_tta_section i_icon_fontawesome=&#8221;fas fa-gavel&#8221; add_icon=&#8221;true&#8221; title=&#8221;Secci\u00f3n Normativa&#8221; tab_id=&#8221;1676636525865-5a4497af-7ca8&#8243;][vc_column_text css=&#8221;&#8221;]<p class=\"bs-shortcode-alert alert alert-danger\"><a href=\"https:\/\/www.umv.gov.co\/portal\/normograma\/#proyectos-de-actos-administrativos\" target=\"_blank\" rel=\"noopener\"><strong><span style=\"color: #000000;\">Consulte la secci\u00f3n Normativa. Clic aqu\u00ed<\/span><\/strong><\/a><\/p>[\/vc_column_text][\/vc_tta_section][vc_tta_section i_icon_fontawesome=&#8221;fas fa-file-signature&#8221; add_icon=&#8221;true&#8221; title=&#8221;Herramienta de evaluaci\u00f3n&#8221; tab_id=&#8221;Herramienta-de-evaluacion&#8221;][vc_column_text css=&#8221;&#8221;]<p class=\"bs-shortcode-alert alert alert-danger\"><a href=\"https:\/\/www.umv.gov.co\/portal\/encuesta-evaluacion-de-espacios-de-participacion-y-consulta-ciudadana-a-las-normas-politicas-o-programas-o-proyectos\/\" target=\"_blank\" rel=\"noopener\"><span style=\"color: #000000;\"><strong>Diligenciar la encuesta evaluaci\u00f3n de actividades de consulta ciudadana a las normas, pol\u00edticas o programas o proyectos Clic aqu\u00ed<\/strong><\/span><\/a><\/p>[\/vc_column_text][\/vc_tta_section][\/vc_tta_accordion][\/vc_column][\/vc_row]<\/div>","protected":false},"excerpt":{"rendered":"[vc_row pix_particles_check=&#8221;&#8221; css=&#8221;.vc_custom_1725636892992{margin-top: -30px !important;}&#8221;][vc_column][vc_column_text css=&#8221;&#8221;] &nbsp; [\/vc_column_text][\/vc_column][\/vc_row][vc_row pix_particles_check=&#8221;&#8221;][vc_column width=&#8221;1\/3&#8243;][\/vc_column][vc_column width=&#8221;1\/3&#8243;][\/vc_column][vc_column width=&#8221;1\/3&#8243;][\/vc_column][\/vc_row][vc_row pix_particles_check=&#8221;&#8221;][vc_column][\/vc_column][\/vc_row][vc_row pix_particles_check=&#8221;&#8221;][vc_column][vc_column_text css=&#8221;&#8221;]Consulta a proyectos normativos La UAERMV garantiza el derecho de sus grupos de valor a incidir en la construcci\u00f3n regulatoria a partir de los comentarios, sugerencias&#8230;","protected":false},"author":1,"featured_media":0,"parent":22252,"menu_order":0,"comment_status":"closed","ping_status":"closed","template":"","meta":{"_monsterinsights_skip_tracking":false,"_monsterinsights_sitenote_active":false,"_monsterinsights_sitenote_note":"","_monsterinsights_sitenote_category":0,"footnotes":""},"class_list":["post-22270","page","type-page","status-publish","hentry"],"_links":{"self":[{"href":"https:\/\/www.umv.gov.co\/portal\/wp-json\/wp\/v2\/pages\/22270","targetHints":{"allow":["GET"]}}],"collection":[{"href":"https:\/\/www.umv.gov.co\/portal\/wp-json\/wp\/v2\/pages"}],"about":[{"href":"https:\/\/www.umv.gov.co\/portal\/wp-json\/wp\/v2\/types\/page"}],"author":[{"embeddable":true,"href":"https:\/\/www.umv.gov.co\/portal\/wp-json\/wp\/v2\/users\/1"}],"replies":[{"embeddable":true,"href":"https:\/\/www.umv.gov.co\/portal\/wp-json\/wp\/v2\/comments?post=22270"}],"version-history":[{"count":5,"href":"https:\/\/www.umv.gov.co\/portal\/wp-json\/wp\/v2\/pages\/22270\/revisions"}],"predecessor-version":[{"id":55191,"href":"https:\/\/www.umv.gov.co\/portal\/wp-json\/wp\/v2\/pages\/22270\/revisions\/55191"}],"up":[{"embeddable":true,"href":"https:\/\/www.umv.gov.co\/portal\/wp-json\/wp\/v2\/pages\/22252"}],"wp:attachment":[{"href":"https:\/\/www.umv.gov.co\/portal\/wp-json\/wp\/v2\/media?parent=22270"}],"curies":[{"name":"wp","href":"https:\/\/api.w.org\/{rel}","templated":true}]}}