{"id":22265,"date":"2022-05-30T21:50:16","date_gmt":"2022-05-30T21:50:16","guid":{"rendered":"https:\/\/www.umv.gov.co\/portal\/?page_id=22265"},"modified":"2026-02-25T21:18:58","modified_gmt":"2026-02-25T21:18:58","slug":"planeacion-y-o-presupuesto-participativo","status":"publish","type":"page","link":"https:\/\/www.umv.gov.co\/portal\/participacion-ciudadana-2022\/planeacion-y-o-presupuesto-participativo\/","title":{"rendered":"Planeaci\u00f3n y\/o presupuesto participativo"},"content":{"rendered":"<div class=\"wpb-content-wrapper\">[vc_row pix_particles_check=&#8221;&#8221; css=&#8221;.vc_custom_1740698118809{margin-top: -20px !important;}&#8221;][vc_column][vc_column_text css=&#8221;&#8221;]<table border=\"1\" width=\"100%\" cellspacing=\"0\" cellpadding=\"0\" align=\"center\">\n<tbody>\n<tr>\n<td style=\"text-align: center;\" bgcolor=\"#FFFFFF\"><strong><span style=\"color: #ffffff;\"><a href=\"https:\/\/www.umv.gov.co\/portal\/participacion-ciudadana-2022\/participacion-para-el-diagnostico-e-identificacion-de-necesidades\/\"><img loading=\"lazy\" decoding=\"async\" class=\"alignnone wp-image-49693\" src=\"https:\/\/www.umv.gov.co\/portal\/wp-content\/uploads\/2025\/08\/PaginaWeb_SeccionParticipa_Participa_20250801_ParticipacionIdentificacion-1-150x150.jpg\" alt=\"\" width=\"180\" height=\"163\" srcset=\"https:\/\/www.umv.gov.co\/portal\/wp-content\/uploads\/2025\/08\/PaginaWeb_SeccionParticipa_Participa_20250801_ParticipacionIdentificacion-1-300x272.jpg 300w, https:\/\/www.umv.gov.co\/portal\/wp-content\/uploads\/2025\/08\/PaginaWeb_SeccionParticipa_Participa_20250801_ParticipacionIdentificacion-1.jpg 400w\" sizes=\"auto, (max-width: 180px) 100vw, 180px\" \/><\/a><\/span><\/strong><\/td>\n<td bgcolor=\"#FFFFFF\"><a href=\"https:\/\/www.umv.gov.co\/portal\/participacion-ciudadana-2022\/planeacion-y-o-presupuesto-participativo\/\"><img loading=\"lazy\" decoding=\"async\" class=\"alignnone wp-image-49682\" src=\"https:\/\/www.umv.gov.co\/portal\/wp-content\/uploads\/2025\/08\/PaginaWeb_SeccionParticipa_Participa_20250801_PlaneacionPresupuesto-300x272.jpg\" alt=\"Participaci\u00f3n para la identificaci\u00f3n de problemas y diagn\u00f3stico de necesidades\" width=\"180\" height=\"163\" srcset=\"https:\/\/www.umv.gov.co\/portal\/wp-content\/uploads\/2025\/08\/PaginaWeb_SeccionParticipa_Participa_20250801_PlaneacionPresupuesto-300x272.jpg 300w, https:\/\/www.umv.gov.co\/portal\/wp-content\/uploads\/2025\/08\/PaginaWeb_SeccionParticipa_Participa_20250801_PlaneacionPresupuesto.jpg 400w\" sizes=\"auto, (max-width: 180px) 100vw, 180px\" \/><\/a><\/td>\n<td bgcolor=\"#FFFFFF\"><span style=\"color: #ffffff;\"><strong><a href=\"https:\/\/www.umv.gov.co\/portal\/participacion-ciudadana-2022\/participacion-y-consulta-ciudadana-de-proyectos-normas-politicas-o-programas\/\"><img loading=\"lazy\" decoding=\"async\" class=\"alignnone wp-image-49696\" src=\"https:\/\/www.umv.gov.co\/portal\/wp-content\/uploads\/2025\/08\/PaginaWeb_SeccionParticipa_Participa_20250801_ParticipacionConsulta-300x272.jpg\" alt=\"Participaci\u00f3n y consulta ciudadana\" width=\"180\" height=\"163\" srcset=\"https:\/\/www.umv.gov.co\/portal\/wp-content\/uploads\/2025\/08\/PaginaWeb_SeccionParticipa_Participa_20250801_ParticipacionConsulta-300x272.jpg 300w, https:\/\/www.umv.gov.co\/portal\/wp-content\/uploads\/2025\/08\/PaginaWeb_SeccionParticipa_Participa_20250801_ParticipacionConsulta.jpg 400w\" sizes=\"auto, (max-width: 180px) 100vw, 180px\" \/><\/a><\/strong><\/span><\/td>\n<td bgcolor=\"#FFFFFF\"><span style=\"color: #ffffff;\"><strong><a href=\"https:\/\/www.umv.gov.co\/portal\/participacion-ciudadana-2022\/colaboracion-e-innovacion-abierta\/\"><img loading=\"lazy\" decoding=\"async\" class=\"alignnone wp-image-49697\" src=\"https:\/\/www.umv.gov.co\/portal\/wp-content\/uploads\/2025\/08\/PaginaWeb_SeccionParticipa_Participa_20250801_ColaboracionInnovacion-300x272.jpg\" alt=\"Colaboraci\u00f3n e innovaci\u00f3n abierta\" width=\"180\" height=\"163\" srcset=\"https:\/\/www.umv.gov.co\/portal\/wp-content\/uploads\/2025\/08\/PaginaWeb_SeccionParticipa_Participa_20250801_ColaboracionInnovacion-300x272.jpg 300w, https:\/\/www.umv.gov.co\/portal\/wp-content\/uploads\/2025\/08\/PaginaWeb_SeccionParticipa_Participa_20250801_ColaboracionInnovacion.jpg 400w\" sizes=\"auto, (max-width: 180px) 100vw, 180px\" \/><\/a><\/strong><\/span><\/td>\n<td bgcolor=\"#FFFFFF\"><span style=\"color: #ffffff;\"><strong><a href=\"https:\/\/www.umv.gov.co\/portal\/participacion-ciudadana-2022\/rendicion-de-cuentas\/\"><img loading=\"lazy\" decoding=\"async\" class=\"alignnone wp-image-49698\" src=\"https:\/\/www.umv.gov.co\/portal\/wp-content\/uploads\/2025\/08\/PaginaWeb_SeccionParticipa_Participa_20250801_RendicionCuentas-300x272.jpg\" alt=\"Rendici\u00f3n de cuentas\" width=\"180\" height=\"163\" srcset=\"https:\/\/www.umv.gov.co\/portal\/wp-content\/uploads\/2025\/08\/PaginaWeb_SeccionParticipa_Participa_20250801_RendicionCuentas-300x272.jpg 300w, https:\/\/www.umv.gov.co\/portal\/wp-content\/uploads\/2025\/08\/PaginaWeb_SeccionParticipa_Participa_20250801_RendicionCuentas.jpg 400w\" sizes=\"auto, (max-width: 180px) 100vw, 180px\" \/><\/a>&nbsp;<\/strong><\/span><\/td>\n<td bgcolor=\"#FFFFFF\"><span style=\"color: #ffffff;\"><strong><a href=\"https:\/\/www.umv.gov.co\/portal\/participacion-ciudadana-2022\/control-social\/\"><img loading=\"lazy\" decoding=\"async\" class=\"alignnone wp-image-49699\" src=\"https:\/\/www.umv.gov.co\/portal\/wp-content\/uploads\/2025\/08\/PaginaWeb_SeccionParticipa_Participa_20250801_ControlSocial-1-300x272.jpg\" alt=\"Control social\" width=\"180\" height=\"163\" srcset=\"https:\/\/www.umv.gov.co\/portal\/wp-content\/uploads\/2025\/08\/PaginaWeb_SeccionParticipa_Participa_20250801_ControlSocial-1-300x272.jpg 300w, https:\/\/www.umv.gov.co\/portal\/wp-content\/uploads\/2025\/08\/PaginaWeb_SeccionParticipa_Participa_20250801_ControlSocial-1.jpg 400w\" sizes=\"auto, (max-width: 180px) 100vw, 180px\" \/><\/a><\/strong><\/span><\/td>\n<\/tr>\n<\/tbody>\n<\/table>[\/vc_column_text]<span class=\"pix-badge-element h6 d-inline-flex mr-1 \"  ><span class=\"badge font-weight-bold secondary-font  bg-secondary  vc_custom_1740696188089  \" style=\" \"><span class=\"text-white\" style=\"\">PLANEACI\u00d3N PARTICIPATIVA<\/span><\/span><\/span>[\/vc_column][\/vc_row][vc_row pix_particles_check=&#8221;&#8221; css=&#8221;.vc_custom_1740695952797{margin-top: -20px !important;}&#8221;][vc_column][vc_column_text css=&#8221;.vc_custom_1768678876718{border-top-width: 1px !important;border-right-width: 1px !important;border-bottom-width: 1px !important;border-left-width: 1px !important;background-color: #F2F2F2 !important;border-left-style: double !important;border-right-style: double !important;border-top-style: double !important;border-bottom-style: double !important;border-color: #000000 !important;}&#8221;]<p class=\"bs-shortcode-alert alert alert-simple\"><strong>Diagn\u00f3stico:<\/strong>\nLa fase de diagn\u00f3stico vincula a los grupos de valor en la recolecci\u00f3n y an\u00e1lisis de informaci\u00f3n para que la Entidad tenga la capacidad de caracterizar adecuadamente la situaci\u00f3n abordada e identificar problem\u00e1ticas de inter\u00e9s en el mantenimiento de la malla vial local, intermedia y rural.\n<p class=\"bs-shortcode-alert alert alert-simple\"><strong>Programaci\u00f3n:<\/strong>\nLa fase de programaci\u00f3n consiste en la apertura de diferentes canales y medios para que los ciudadanos puedan presentar sus propuestas, aportes, opiniones y recomendaciones, que permitan agregar valor a las soluciones y construcci\u00f3n colectiva de pol\u00edticas, planes, programas, proyectos en materia de malla vial. Lo invitamos a conocer, opinar, proponer y recomendar sobre los planes, programas y estrategias que desarrollar\u00e1 la entidad durante la vigencia, haciendo <a href=\"https:\/\/www.umv.gov.co\/portal\/participacion-ciudadana\/\" target=\"_blank\" rel=\"noopener\"><strong>clic aqu\u00ed.<\/strong><\/a>\n<p class=\"bs-shortcode-alert alert alert-simple\"><strong>Seguimiento y evaluaci\u00f3n:<\/strong>\nA trav\u00e9s de la fase de seguimiento y evaluaci\u00f3n, es posible validar el progreso de las planes, programas y estrategias institucionales y tomar las medidas necesarias para resolver problemas, haciendo los ajustes necesarios en los objetivos y actividades. A continuaci\u00f3n se presentan los planes estrat\u00e9gicos de la entidad que pone a disposici\u00f3n y consulta p\u00fablica de la ciudadan\u00eda:\n<ul>\n \t<li>\n<p class=\"bs-shortcode-alert alert alert-simple\"><a href=\"https:\/\/www.umv.gov.co\/portal\/transparencia2020\/planes-estrategicos-sectoriales-e-institucionales-segun-sea-el-caso\/\" target=\"_blank\" rel=\"noopener\"><span style=\"color: #000000;\">Planes estrat\u00e9gicos sectoriales e institucionales.<\/span><\/a><\/p>\n<\/li>\n \t<li>\n<p class=\"bs-shortcode-alert alert alert-simple\"><span style=\"color: #000000;\"><a style=\"color: #000000;\" href=\"https:\/\/www.umv.gov.co\/portal\/transparencia2020\/plan-anticorrupcion-y-de-atencion-al-ciudadano\/\" target=\"_blank\" rel=\"noopener\">Plan Anticorrupci\u00f3n y de Atenci\u00f3n al Ciudadano<\/a><\/span><\/p>\n<\/li>\n \t<li>\n<p class=\"bs-shortcode-alert alert alert-simple\"><span style=\"color: #000000;\"><a style=\"color: #000000;\" href=\"https:\/\/www.umv.gov.co\/portal\/plan-de-gasto-publico\/\" target=\"_blank\" rel=\"noopener\">Plan de gasto p\u00fablico<\/a><\/span><\/p>\n<\/li>\n<\/ul>[\/vc_column_text][\/vc_column][\/vc_row][vc_row pix_particles_check=&#8221;&#8221;][vc_column][\/vc_column][\/vc_row][vc_row pix_particles_check=&#8221;&#8221;][vc_column][vc_tta_accordion section_title_tag=&#8221;h6&#8243; style=&#8221;outline&#8221; color=&#8221;mulled-wine&#8221; active_section=&#8221;0&#8243; collapsible_all=&#8221;true&#8221;][vc_tta_section i_icon_fontawesome=&#8221;fas fa-hand-holding-usd&#8221; add_icon=&#8221;true&#8221; title=&#8221;Porcentaje del presupuesto para el proceso&#8221; tab_id=&#8221;Porcentaje-del-presupuesto&#8221;][vc_column_text css=&#8221;&#8221;]<p class=\"bs-shortcode-alert alert alert-danger\"><span style=\"color: #000000;\">La Unidad Administrativa&nbsp;Espacial&nbsp;de Rehabilitaci\u00f3n y Mantenimiento Vial&nbsp;(UAERMV)&nbsp;en el marco del plan de&nbsp;choque, en&nbsp;el&nbsp;cual&nbsp;la&nbsp;ciudadan\u00eda&nbsp;report\u00f3 sus huecos a&nbsp;trav\u00e9s&nbsp;de la aplicaci\u00f3n de Gobierno Abierto de&nbsp;Bogot\u00e1&nbsp;(GAB)&nbsp;de la Secretar\u00eda&nbsp;Distrital&nbsp;de&nbsp;Gobierno,&nbsp;atendi\u00f3&nbsp;con corte al&nbsp;18&nbsp;de&nbsp;agosto de 2022, 2912&nbsp;reportes ciudadanos&nbsp;los cuales se ubicaron en 1194&nbsp;elementos viales (calzadas, bah\u00edas,&nbsp;etc), con una inversi\u00f3n aproximada de 42.000 millones de pesos&nbsp;del presupuesto misional&nbsp;el cual para la vigencia de 2022 fue de&nbsp;86.000&nbsp;millones de pesos&nbsp;aproximadamente.&nbsp;&nbsp;<\/span><\/p>[\/vc_column_text][\/vc_tta_section][vc_tta_section i_icon_fontawesome=&#8221;fas fa-file-invoice&#8221; add_icon=&#8221;true&#8221; title=&#8221;Canales de interacci\u00f3n y caja de herramientas&#8221; tab_id=&#8221;Canales-de-interaccion&#8221;][vc_column_text css=&#8221;&#8221;]Tu participaci\u00f3n es importante para\u00a0 la UAERMV.\u00a0 Ten en cuenta los siguientes pasos para incidir en la gesti\u00f3n de la Entidad.\n<ol>\n \t<li>Ingresa a la opci\u00f3n de Participaci\u00f3n Ciudadana &#8220;Queremos conocer tus propuestas u opiniones&#8221;<\/li>\n \t<li>En esta opci\u00f3n encontrar\u00e1s los temas para participar.<\/li>\n \t<li>\u00a0Elige en que quieres participar<\/li>\n \t<li>\u00a0Env\u00eda al correo electr\u00f3nico de la opci\u00f3n seleccionada tus propuestas u opiniones<\/li>\n \t<li>La UAERMV tendr\u00e1 en cuenta tus propuestas u opiniones<\/li>\n \t<li><strong>Ingresa al siguiente bot\u00f3n:\u00a0<\/strong><\/li>\n<\/ol>[\/vc_column_text][vc_btn title=&#8221;<b>QUEREMOS CONOCER TUS PROPUESTAS O OPINIONES. \u00a1PARTICIPA! DANDO CLIC AQU\u00cd<\/b>&#8221; style=&#8221;gradient-custom&#8221; gradient_custom_color_2=&#8221;#d3321d&#8221; size=&#8221;sm&#8221; align=&#8221;center&#8221; i_icon_fontawesome=&#8221;fas fa-users&#8221; button_block=&#8221;true&#8221; add_icon=&#8221;true&#8221; link=&#8221;url:https%3A%2F%2Fwww.umv.gov.co%2Fportal%2Fparticipacion-ciudadana%2F&#8221;][vc_column_text css=&#8221;&#8221;]<h6 class=\"bs-shortcode-alert alert alert-danger\"><a href=\"https:\/\/www.umv.gov.co\/portal\/participacion-ciudadana-2022\/participacion-y-consulta-ciudadana-de-proyectos-normas-politicas-o-programas\/\" target=\"_blank\" rel=\"noopener\">Conozca el Plan de Participaci\u00f3n Ciudadana de la vigencia 2026<\/a><\/h6>\n<h6 class=\"bs-shortcode-alert alert alert-danger\"><a href=\"https:\/\/forms.gle\/pD8PmEyaNPvPNCTFA\" target=\"_blank\" rel=\"noopener\">Diligencie el formulario de inscripci\u00f3n ciudadana a procesos de participaci\u00f3n que ofrece la entidad.<\/a><\/h6>\n<h6 class=\"bs-shortcode-alert alert alert-danger\"><a href=\"https:\/\/www.umv.gov.co\/portal\/encuesta-evaluacion-de-espacios-de-participacion\/\" target=\"_blank\" rel=\"noopener\">Diligencie la encuesta de&nbsp; evaluaci\u00f3n de espacios de Participaci\u00f3n<\/a><\/h6>[\/vc_column_text][\/vc_tta_section][vc_tta_section i_icon_fontawesome=&#8221;far fa-file-alt&#8221; add_icon=&#8221;true&#8221; title=&#8221;Decisiones que se tomaron con la ciudadan\u00eda para la construcci\u00f3n de la planeaci\u00f3n participativa.&#8221; tab_id=&#8221;Decisiones-que-se-tomaron&#8221;][vc_column_text css=&#8221;&#8221;]<div class=\"bs-shortcode-alert alert alert-danger\">\n\n<strong><span style=\"color: #2d2d2d; font-family: Poppins; font-size: 14px;\">En este espacio encontrar\u00e1s aquellos resultados <\/span><\/strong><strong><span style=\"color: #2d2d2d; font-family: Poppins; font-size: 14px;\">a partir de los ejercicios y practicas de participaci\u00f3n ciudadana.<\/span><\/strong>\n<h6 style=\"text-align: center;\"><span style=\"color: #000000;\"><strong><a style=\"color: #000000;\" href=\"https:\/\/www.umv.gov.co\/portal\/wp-content\/uploads\/2023\/01\/2022-12-28_Informe_colibri.pdf\" target=\"_blank\" rel=\"noopener\"><u>Consultar los compromisos definidos en la plataforma Colibr\u00ed &#8211; Clic aqu\u00ed<\/u><\/a><\/strong><\/span><\/h6>\n<\/div>\n<div><\/div>[\/vc_column_text][\/vc_tta_section][vc_tta_section i_icon_fontawesome=&#8221;fas fa-folder-open&#8221; add_icon=&#8221;true&#8221; title=&#8221;Reportes de avance de las decisiones tomadas&#8221; tab_id=&#8221;Reportes-de-avance&#8221;][vc_column_text css=&#8221;&#8221;]<p class=\"alert-danger bs-shortcode-alert danger\"><a href=\"https:\/\/colibri.veeduriadistrital.gov.co\/compromisos?sector=53&amp;entidad=38&amp;localidad=All&amp;instancia=All&amp;field_nombre_instancia_no_reglam_value=All\" target=\"_blank\" rel=\"noopener\"><span style=\"color: #000000;\"><strong>Consultar estado de avance compromisos en plataforma Colibr\u00ed&nbsp;<\/strong><\/span><\/a><\/p>\n<p class=\"alert-danger bs-shortcode-alert danger\"><a href=\"https:\/\/www.umv.gov.co\/portal\/resultados-participacion-ciudadana\/\" target=\"_blank\" rel=\"noopener\"><span style=\"color: #000000;\"><strong>Consultar informes de participaci\u00f3n ciudadana vigencia 2025<\/strong><\/span><\/a><\/p>[\/vc_column_text][\/vc_tta_section][\/vc_tta_accordion][\/vc_column][\/vc_row][vc_row pix_particles_check=&#8221;&#8221;][vc_column][\/vc_column][\/vc_row]<\/div>","protected":false},"excerpt":{"rendered":"[vc_row pix_particles_check=&#8221;&#8221; css=&#8221;.vc_custom_1740698118809{margin-top: -20px !important;}&#8221;][vc_column][vc_column_text css=&#8221;&#8221;] &nbsp; [\/vc_column_text][\/vc_column][\/vc_row][vc_row pix_particles_check=&#8221;&#8221; css=&#8221;.vc_custom_1740695952797{margin-top: -20px !important;}&#8221;][vc_column][vc_column_text css=&#8221;.vc_custom_1768678876718{border-top-width: 1px !important;border-right-width: 1px !important;border-bottom-width: 1px !important;border-left-width: 1px !important;background-color: #F2F2F2 !important;border-left-style: double !important;border-right-style: double !important;border-top-style: double !important;border-bottom-style: double !important;border-color: #000000 !important;}&#8221;]Diagn\u00f3stico: La fase de diagn\u00f3stico vincula a los&#8230;","protected":false},"author":1,"featured_media":0,"parent":22252,"menu_order":0,"comment_status":"closed","ping_status":"closed","template":"","meta":{"_monsterinsights_skip_tracking":false,"_monsterinsights_sitenote_active":false,"_monsterinsights_sitenote_note":"","_monsterinsights_sitenote_category":0,"footnotes":""},"class_list":["post-22265","page","type-page","status-publish","hentry"],"_links":{"self":[{"href":"https:\/\/www.umv.gov.co\/portal\/wp-json\/wp\/v2\/pages\/22265","targetHints":{"allow":["GET"]}}],"collection":[{"href":"https:\/\/www.umv.gov.co\/portal\/wp-json\/wp\/v2\/pages"}],"about":[{"href":"https:\/\/www.umv.gov.co\/portal\/wp-json\/wp\/v2\/types\/page"}],"author":[{"embeddable":true,"href":"https:\/\/www.umv.gov.co\/portal\/wp-json\/wp\/v2\/users\/1"}],"replies":[{"embeddable":true,"href":"https:\/\/www.umv.gov.co\/portal\/wp-json\/wp\/v2\/comments?post=22265"}],"version-history":[{"count":4,"href":"https:\/\/www.umv.gov.co\/portal\/wp-json\/wp\/v2\/pages\/22265\/revisions"}],"predecessor-version":[{"id":55192,"href":"https:\/\/www.umv.gov.co\/portal\/wp-json\/wp\/v2\/pages\/22265\/revisions\/55192"}],"up":[{"embeddable":true,"href":"https:\/\/www.umv.gov.co\/portal\/wp-json\/wp\/v2\/pages\/22252"}],"wp:attachment":[{"href":"https:\/\/www.umv.gov.co\/portal\/wp-json\/wp\/v2\/media?parent=22265"}],"curies":[{"name":"wp","href":"https:\/\/api.w.org\/{rel}","templated":true}]}}