{"id":22158,"date":"2022-05-26T00:33:07","date_gmt":"2022-05-26T00:33:07","guid":{"rendered":"https:\/\/www.umv.gov.co\/portal\/?page_id=22158"},"modified":"2024-09-13T20:25:58","modified_gmt":"2024-09-13T20:25:58","slug":"proyecto-mejoramiento-de-vias-terciarias-en-bogota","status":"publish","type":"page","link":"https:\/\/www.umv.gov.co\/portal\/proyecto-mejoramiento-de-vias-terciarias-en-bogota\/","title":{"rendered":"Proyecto: Mejoramiento De V\u00edas Terciarias En Bogot\u00e1"},"content":{"rendered":"<div class=\"wpb-content-wrapper\"><p>[vc_row pix_particles_check=&#8221;&#8221;][vc_column width=&#8221;1\/2&#8243;][vc_column_text]<img loading=\"lazy\" decoding=\"async\" class=\"alignnone wp-image-23893 size-full\" src=\"https:\/\/www.umv.gov.co\/portal\/wp-content\/uploads\/2022\/08\/banner-mejoramiento-vias-terciarias_Mesa-de-trabajo-1-1.jpg\" alt=\"\" width=\"580\" height=\"539\" srcset=\"https:\/\/www.umv.gov.co\/portal\/wp-content\/uploads\/2022\/08\/banner-mejoramiento-vias-terciarias_Mesa-de-trabajo-1-1.jpg 580w, https:\/\/www.umv.gov.co\/portal\/wp-content\/uploads\/2022\/08\/banner-mejoramiento-vias-terciarias_Mesa-de-trabajo-1-1-300x279.jpg 300w\" sizes=\"auto, (max-width: 580px) 100vw, 580px\" \/>[\/vc_column_text][\/vc_column][vc_column width=&#8221;1\/2&#8243;]<span class=\"pix-badge-element h6 d-inline-flex mr-1 \"  ><span class=\"badge font-weight-bold secondary-font  bg-secondary  vc_custom_1725486930982  \" style=\" \"><span class=\"text-white\" style=\"\">SUMAPAZ<\/span><\/span><\/span><div class=\"row  \"><div class=\"col-xs-12 col-md-12 pix-mb-40\"><div class=\"pix-content-box pix-post-meta-element pix-post-meta-basic fly-sm2 d-flex align-content-between flex-wrap align-self-stretch rounded-lg  overflow-hidden w-100  shadow-hover-sm2 shadow-sm2 bg-white  post-21019 post type-post status-publish format-standard has-post-thumbnail hentry category-informacion-umv category-noticias category-sumapaz\"  >\n\t\t\t\t<div class=\"d-flex align-items-start w-100\">\n\t\t\t\t\t<div class=\"w-100\"><div class=\"d-block pix-px-20 pix-pt-20\"><a href=\"https:\/\/www.umv.gov.co\/portal\/2022\/04\/08\/con-recursos-del-sistema-general-de-regalias-la-umv-mejorara-mas-de-33-kilometros-de-vias-terciarias-en-sumapaz\/\"><div class=\"rounded-lg overflow-hidden position-relative d-block pix-fit-cover\" style=\"height:200px;width:100%;\"><img loading=\"lazy\" decoding=\"async\" width=\"533\" height=\"400\" src=\"https:\/\/www.umv.gov.co\/portal\/wp-content\/uploads\/2022\/04\/RDC-Sumapaz.jpeg\" class=\"img-fluid rounded-lg card-img-top\" alt=\"Con recursos del Sistema General de Regal\u00edas, la UMV mejorar\u00e1 m\u00e1s de 33 kil\u00f3metros de v\u00edas terciarias en Sumapaz\u00a0\" style=\"height:200px;width:100%;object-fit: cover;\" srcset=\"https:\/\/www.umv.gov.co\/portal\/wp-content\/uploads\/2022\/04\/RDC-Sumapaz.jpeg 1280w, https:\/\/www.umv.gov.co\/portal\/wp-content\/uploads\/2022\/04\/RDC-Sumapaz-300x225.jpeg 300w, https:\/\/www.umv.gov.co\/portal\/wp-content\/uploads\/2022\/04\/RDC-Sumapaz-1024x768.jpeg 1024w, https:\/\/www.umv.gov.co\/portal\/wp-content\/uploads\/2022\/04\/RDC-Sumapaz-768x576.jpeg 768w, https:\/\/www.umv.gov.co\/portal\/wp-content\/uploads\/2022\/04\/RDC-Sumapaz-86x64.jpeg 86w\" sizes=\"auto, (max-width: 533px) 100vw, 533px\" \/><div class=\"pix-divider pix-bottom-divider pix-divider-in-front\" data-style=\"style-6\" ><svg xmlns=\"http:\/\/www.w3.org\/2000\/svg\" width=\"100%\" height=\"50px\" viewBox=\"0 0 1200 116\" preserveAspectRatio=\"none\"><g class=\"animate-in\" data-anim-type=\"fade-in-up\" data-anim-delay=\"400\"><path class=\"pix-divider-layer-3\" fill=\"#fff\" fill-opacity=\"0.2\" d=\"M0,50 C200,16.6666667 400,7.10542736e-15 600,7.10542736e-15 C800,7.10542736e-15 1000,16.6666667 1200,50 L1200,116 L0,116 L0,50 Z\"  \/><\/g><g class=\"animate-in\" data-anim-type=\"fade-in-up\" data-anim-delay=\"300\"><path class=\"pix-divider-layer-2\" fill=\"rgba(255,255,255,0.8)\"  d=\"M0,80 C200,46.6666667 400,30 600,30 C800,30 1000,46.6666667 1200,80 L1200,116 L0,116 L0,80 Z\" \/><\/g><path class=\"pix-divider-layer-1\" fill=\"#fff\" d=\"M0,110 C200,76.6666667 400,60 600,60 C800,60 1000,76.6666667 1200,110 L1200,116 L0,116 L0,110 Z\"\/><defs><\/defs><\/svg><\/div><\/div><\/a><\/div><div class=\"d-block pix-p-20 position-relative\">\n\t\t\t\t\t\t\t<span class=\"pix-post-meta-categories text-sm pb-1 mb-1\"><a href=\"https:\/\/www.umv.gov.co\/portal\/category\/informacion-umv\/\" target=\"_self\"><span class=\"pix-badge-element custom d-inline-flex mr-1 \"  ><span class=\"badge font-weight-bold  bg-primary-light   \" style=\"font-size:12px; padding:5px 10px;line-height:12px;\"><span class=\"text-primary\" style=\"\">Informaci\u00f3n UMV<\/span><\/span><\/span><\/a><a href=\"https:\/\/www.umv.gov.co\/portal\/category\/noticias\/\" target=\"_self\"><span class=\"pix-badge-element custom d-inline-flex mr-1 \"  ><span class=\"badge font-weight-bold  bg-primary-light   \" style=\"font-size:12px; padding:5px 10px;line-height:12px;\"><span class=\"text-primary\" style=\"\">Noticias<\/span><\/span><\/span><\/a><a href=\"https:\/\/www.umv.gov.co\/portal\/category\/noticias\/sumapaz\/\" target=\"_self\"><span class=\"pix-badge-element custom d-inline-flex mr-1 \"  ><span class=\"badge font-weight-bold  bg-primary-light   \" style=\"font-size:12px; padding:5px 10px;line-height:12px;\"><span class=\"text-primary\" style=\"\">Sumapaz<\/span><\/span><\/span><\/a><\/span>\n\t\t\t\t\t\t\t<a class=\"text-heading-default\" href=\"https:\/\/www.umv.gov.co\/portal\/2022\/04\/08\/con-recursos-del-sistema-general-de-regalias-la-umv-mejorara-mas-de-33-kilometros-de-vias-terciarias-en-sumapaz\/\"><div class=\"card-title mb-2 h5 secondary-font font-weight-bold\">Con recursos del Sistema General de Regal\u00edas, la UMV mejorar\u00e1 m\u00e1s de 33 kil\u00f3metros de v\u00edas terciarias en Sumapaz\u00a0<\/div><\/a><a class=\"pix-post-meta-date pix-blog-post-text text-sm mb-0 d-inline-block text-body-default svg-body-default\" href=\"https:\/\/www.umv.gov.co\/portal\/2022\/04\/08\/con-recursos-del-sistema-general-de-regalias-la-umv-mejorara-mas-de-33-kilometros-de-vias-terciarias-en-sumapaz\/\"><span class=\"pr-1\">\n\t\t\t\t\t\t\t\t<svg xmlns=\"http:\/\/www.w3.org\/2000\/svg\" width=\"18\" height=\"18\" viewBox=\"0 0 18 18\">\n  <path fill=\"currentColor\" d=\"M9,0 C13.95,0 18,4.05 18,9 C18,13.95 13.95,18 9,18 C4.05,18 0,13.95 0,9 C0,4.05 4.05,0 9,0 Z M9,16.2 C12.96,16.2 16.2,12.96 16.2,9 C16.2,5.04 12.96,1.8 9,1.8 C5.04,1.8 1.8,5.04 1.8,9 C1.8,12.96 5.04,16.2 9,16.2 Z M12.6,9.4 C13.26,9.4 13.8,9.64 13.8,10.3 C13.8,10.96 13.26,11.2 12.6,11.2 L7.8,11.2 L7.8,5.8 C7.8,5.14 8.04,4.6 8.7,4.6 C9.36,4.6 9.6,5.14 9.6,5.8 L9.6,9.4 L12.6,9.4 Z\"\/>\n<\/svg>\n\n\t\t\t\t\t\t\t\t<\/span><span class=\"text-body-default pix-blog-post-text\">2022-04-08<\/span><\/a><\/div>\n\t\t\t\t\t<\/div>\n\t\t\t\t<\/div><\/div><\/div><\/div>\n[\/vc_column][\/vc_row][vc_row pix_particles_check=&#8221;&#8221;][vc_column width=&#8221;1\/3&#8243;][vc_column_text]<\/p>\n<h6 class=\"bs-shortcode-alert alert alert-success\">Localidad:\u00a0 <strong>Sumapaz<\/strong><\/h6>\n<p>[\/vc_column_text][\/vc_column][vc_column width=&#8221;1\/3&#8243;][vc_column_text]<\/p>\n<h6 class=\"bs-shortcode-alert alert alert-danger\"><strong>\u00bfQu\u00e9 busca?:<br \/>\n<\/strong>Mejorar la intercomunicaci\u00f3n y accesibilidad terrestre de los habitantes rurales de Bogot\u00e1 D.C., mediante el mejoramiento de la malla vial rural.<\/h6>\n<p>[\/vc_column_text][\/vc_column][vc_column width=&#8221;1\/3&#8243;][vc_column_text]<img loading=\"lazy\" decoding=\"async\" class=\"alignnone size-medium wp-image-33704\" src=\"https:\/\/www.umv.gov.co\/portal\/wp-content\/uploads\/2023\/07\/cuenta_cuesta-300x117.jpg\" alt=\"Valor proyecto Mejoramiento de V\u00edas Terciarias \" width=\"300\" height=\"117\" srcset=\"https:\/\/www.umv.gov.co\/portal\/wp-content\/uploads\/2023\/07\/cuenta_cuesta-300x117.jpg 300w, https:\/\/www.umv.gov.co\/portal\/wp-content\/uploads\/2023\/07\/cuenta_cuesta.jpg 421w\" sizes=\"auto, (max-width: 300px) 100vw, 300px\" \/>[\/vc_column_text][\/vc_column][\/vc_row][vc_row pix_particles_check=&#8221;&#8221;][vc_column width=&#8221;1\/2&#8243;][vc_btn title=&#8221;<b> Informe de la Auditoria Visible &#8211; Rendici\u00f3n de Cuentas del proyecto &#8220;Mejoramiento V\u00edas Terciarias&#8220; Sumapaz. Clic aqu\u00ed<\/b>&#8221; style=&#8221;outline-custom&#8221; outline_custom_color=&#8221;#dd3333&#8243; outline_custom_hover_background=&#8221;#dd3333&#8243; outline_custom_hover_text=&#8221;#ffffff&#8221; align=&#8221;center&#8221; i_icon_fontawesome=&#8221;fas fa-map-marked&#8221; button_block=&#8221;true&#8221; add_icon=&#8221;true&#8221; link=&#8221;url:https%3A%2F%2Fwww.umv.gov.co%2Fportal%2Finforme-de-auditoria-visible-proyecto-sumapaz%2F&#8221;][\/vc_column][vc_column width=&#8221;1\/2&#8243;][vc_btn title=&#8221;<b>Consulte m\u00e1s informaci\u00f3n del proyecto en el Mapa de Inversiones del DNP. Clic aqu\u00ed<\/b>&#8221; style=&#8221;outline-custom&#8221; outline_custom_color=&#8221;#dd3333&#8243; outline_custom_hover_background=&#8221;#dd3333&#8243; outline_custom_hover_text=&#8221;#ffffff&#8221; align=&#8221;center&#8221; i_icon_fontawesome=&#8221;fas fa-map-marked&#8221; button_block=&#8221;true&#8221; add_icon=&#8221;true&#8221; link=&#8221;url:https%3A%2F%2Fmapainversiones.dnp.gov.co%2FHome%2FFichaProyectosMenuAllUsers%3FBpin%3D2018000050020|target:_blank&#8221;][\/vc_column][\/vc_row][vc_row pix_particles_check=&#8221;&#8221;][vc_column][vc_column_text]<img loading=\"lazy\" decoding=\"async\" class=\"alignnone wp-image-39616 size-full\" src=\"https:\/\/www.umv.gov.co\/portal\/wp-content\/uploads\/2024\/05\/cifras-de-avance.jpg\" alt=\"Avance proyecto v\u00edas terciarias \" width=\"1380\" height=\"283\" srcset=\"https:\/\/www.umv.gov.co\/portal\/wp-content\/uploads\/2024\/05\/cifras-de-avance.jpg 1380w, https:\/\/www.umv.gov.co\/portal\/wp-content\/uploads\/2024\/05\/cifras-de-avance-300x62.jpg 300w, https:\/\/www.umv.gov.co\/portal\/wp-content\/uploads\/2024\/05\/cifras-de-avance-1024x210.jpg 1024w, https:\/\/www.umv.gov.co\/portal\/wp-content\/uploads\/2024\/05\/cifras-de-avance-768x157.jpg 768w\" sizes=\"auto, (max-width: 1380px) 100vw, 1380px\" \/>[\/vc_column_text][\/vc_column][\/vc_row][vc_row pix_particles_check=&#8221;&#8221;][vc_column][vc_tta_tabs style=&#8221;outline&#8221; color=&#8221;green&#8221; active_section=&#8221;1&#8243;][vc_tta_section title=&#8221;<b>Mapa Localidad Sumapaz<\/b>&#8221; tab_id=&#8221;1657725103672-1a1d6904-5e72&#8243;][vc_column_text]<center><br \/>\n<img loading=\"lazy\" decoding=\"async\" class=\"alignnone wp-image-23248 size-full\" src=\"https:\/\/www.umv.gov.co\/portal\/wp-content\/uploads\/2022\/07\/Mapa_defintivo2-2.png\" alt=\"\" usemap=\"#Map\" width=\"960\" height=\"800\" srcset=\"https:\/\/www.umv.gov.co\/portal\/wp-content\/uploads\/2022\/07\/Mapa_defintivo2-2.png 960w, https:\/\/www.umv.gov.co\/portal\/wp-content\/uploads\/2022\/07\/Mapa_defintivo2-2-300x250.png 300w, https:\/\/www.umv.gov.co\/portal\/wp-content\/uploads\/2022\/07\/Mapa_defintivo2-2-768x640.png 768w\" sizes=\"auto, (max-width: 960px) 100vw, 960px\" \/><\/center><\/p>\n<map id=\"Map\" name=\"Map\">\n<area coords=\"617,52,843,97\" shape=\"rect\" href=\"https:\/\/www.umv.gov.co\/portal\/proyecto-mejoramiento-de-vias-terciarias-en-bogota\/#1657725103683-a64e513f-884e\" \/>\n<area coords=\"614,107,845,156\" shape=\"rect\" href=\"https:\/\/www.umv.gov.co\/portal\/proyecto-mejoramiento-de-vias-terciarias-en-bogota\/#1657740389723-f0c9b1eb-40b8\" \/>\n<area coords=\"614,165,850,211\" shape=\"rect\" href=\"https:\/\/www.umv.gov.co\/portal\/proyecto-mejoramiento-de-vias-terciarias-en-bogota\/#1657740409144-f29963f3-ee0e\" \/>\n<area coords=\"613,225,853,270\" shape=\"rect\" href=\"https:\/\/www.umv.gov.co\/portal\/proyecto-mejoramiento-de-vias-terciarias-en-bogota\/#1657740433031-a8761979-9f76\" \/>\n<area coords=\"614,284,858,335\" shape=\"rect\" href=\"https:\/\/www.umv.gov.co\/portal\/proyecto-mejoramiento-de-vias-terciarias-en-bogota\/#1657740449548-20ac1b37-d966\" \/> <\/map>\n<p>[\/vc_column_text][\/vc_tta_section][vc_tta_section title=&#8221;<b>Tramo San Antonio<\/b>&#8221; tab_id=&#8221;1657725103683-a64e513f-884e&#8221;][vc_gallery interval=&#8221;10&#8243; images=&#8221;23894,23895&#8243; img_size=&#8221;950 x 950&#8243;][\/vc_tta_section][vc_tta_section title=&#8221;<b>Tramo Capitolio<\/b>&#8221; tab_id=&#8221;1657740389723-f0c9b1eb-40b8&#8243;][vc_gallery interval=&#8221;10&#8243; images=&#8221;23874,23875&#8243; img_size=&#8221;950 x 900&#8243;][\/vc_tta_section][vc_tta_section title=&#8221;<b>Tramo Animas Bajas<\/b>&#8221; tab_id=&#8221;1657740409144-f29963f3-ee0e&#8221;][vc_single_image image=&#8221;23873&#8243; img_size=&#8221;998 x 950&#8243;][\/vc_tta_section][vc_tta_section title=&#8221;<b>Tramas Laguna verde<\/b>&#8221; tab_id=&#8221;1657740433031-a8761979-9f76&#8243;][vc_gallery interval=&#8221;10&#8243; images=&#8221;23878,23877,23876&#8243; img_size=&#8221;1100 x 619&#8243;][\/vc_tta_section][vc_tta_section title=&#8221;<b>Tramo Tunal Alto<\/b>&#8221; tab_id=&#8221;1657740449548-20ac1b37-d966&#8243;][vc_gallery interval=&#8221;15&#8243; images=&#8221;23879,23880&#8243; img_size=&#8221;900 x 900&#8243;][\/vc_tta_section][\/vc_tta_tabs][\/vc_column][\/vc_row][vc_row pix_particles_check=&#8221;&#8221;][vc_column][\/vc_column][\/vc_row]<\/p>\n<\/div>","protected":false},"excerpt":{"rendered":"[vc_row pix_particles_check=&#8221;&#8221;][vc_column width=&#8221;1\/2&#8243;][vc_column_text][\/vc_column_text][\/vc_column][vc_column width=&#8221;1\/2&#8243;][\/vc_column][\/vc_row][vc_row pix_particles_check=&#8221;&#8221;][vc_column width=&#8221;1\/3&#8243;][vc_column_text] Localidad:\u00a0 Sumapaz [\/vc_column_text][\/vc_column][vc_column width=&#8221;1\/3&#8243;][vc_column_text] \u00bfQu\u00e9 busca?: Mejorar la intercomunicaci\u00f3n y accesibilidad terrestre de los habitantes rurales de Bogot\u00e1 D.C., mediante el mejoramiento de la malla vial rural. [\/vc_column_text][\/vc_column][vc_column width=&#8221;1\/3&#8243;][vc_column_text][\/vc_column_text][\/vc_column][\/vc_row][vc_row pix_particles_check=&#8221;&#8221;][vc_column width=&#8221;1\/2&#8243;][vc_btn title=&#8221; Informe de&#8230;","protected":false},"author":1,"featured_media":0,"parent":0,"menu_order":0,"comment_status":"closed","ping_status":"closed","template":"","meta":{"_monsterinsights_skip_tracking":false,"_monsterinsights_sitenote_active":false,"_monsterinsights_sitenote_note":"","_monsterinsights_sitenote_category":0,"footnotes":""},"class_list":["post-22158","page","type-page","status-publish","hentry"],"_links":{"self":[{"href":"https:\/\/www.umv.gov.co\/portal\/wp-json\/wp\/v2\/pages\/22158","targetHints":{"allow":["GET"]}}],"collection":[{"href":"https:\/\/www.umv.gov.co\/portal\/wp-json\/wp\/v2\/pages"}],"about":[{"href":"https:\/\/www.umv.gov.co\/portal\/wp-json\/wp\/v2\/types\/page"}],"author":[{"embeddable":true,"href":"https:\/\/www.umv.gov.co\/portal\/wp-json\/wp\/v2\/users\/1"}],"replies":[{"embeddable":true,"href":"https:\/\/www.umv.gov.co\/portal\/wp-json\/wp\/v2\/comments?post=22158"}],"version-history":[{"count":0,"href":"https:\/\/www.umv.gov.co\/portal\/wp-json\/wp\/v2\/pages\/22158\/revisions"}],"wp:attachment":[{"href":"https:\/\/www.umv.gov.co\/portal\/wp-json\/wp\/v2\/media?parent=22158"}],"curies":[{"name":"wp","href":"https:\/\/api.w.org\/{rel}","templated":true}]}}