{"id":19482,"date":"2022-01-08T15:31:18","date_gmt":"2022-01-08T15:31:18","guid":{"rendered":"https:\/\/www.umv.gov.co\/portal\/?page_id=19482"},"modified":"2024-09-05T23:23:20","modified_gmt":"2024-09-05T23:23:20","slug":"control-7-3-planes-de-mejoramiento-2022","status":"publish","type":"page","link":"https:\/\/www.umv.gov.co\/portal\/control-7-3-planes-de-mejoramiento-2022\/","title":{"rendered":"Planes de Mejoramiento 2022"},"content":{"rendered":"<div class=\"wpb-content-wrapper\"><p>[vc_row pix_particles_check=&#8221;&#8221; css=&#8221;.vc_custom_1725578576998{margin-top: -20px !important;}&#8221;][vc_column]<span class=\"pix-badge-element h6 d-inline-flex mr-1 \"  ><span class=\"badge font-weight-bold secondary-font  bg-secondary  vc_custom_1725578566574  \" style=\" \"><span class=\"text-white\" style=\"\">4.7.5 PLANES DE MEJORAMIENTO<\/span><\/span><\/span>[vc_tta_accordion section_title_tag=&#8221;h5&#8243; style=&#8221;modern&#8221; color=&#8221;white&#8221; c_icon=&#8221;&#8221; active_section=&#8221;&#8221; collapsible_all=&#8221;true&#8221;][vc_tta_section i_icon_fontawesome=&#8221;&#8221; add_icon=&#8221;true&#8221; title=&#8221;4.7.5.1. Derivados de auditor\u00edas ejecutadas por la Contralor\u00eda de Bogot\u00e1&#8221; tab_id=&#8221;Derivados-de-auditorias-ejecutadas-por-la-Contraloria-de-Bogota&#8221;][vc_column_text]<\/p>\n<table width=\"936\" align=\"center\">\n<tbody>\n<tr>\n<td style=\"text-align: center;\" align=\"center\" width=\"70\">\n<div class=\"bs-shortcode-alert alert alert-warning\"><strong>C\u00d3DIGO<\/strong><\/div>\n<\/td>\n<td style=\"text-align: center;\" width=\"692\">\n<div class=\"bs-shortcode-alert alert alert-warning\"><strong>NOMBRE DEL INFORME<\/strong><\/div>\n<\/td>\n<td style=\"text-align: center;\" width=\"74\">\n<div class=\"bs-shortcode-alert alert alert-warning\"><strong>FORMATO<\/strong><\/div>\n<\/td>\n<\/tr>\n<tr>\n<td>\n<div class=\"bs-shortcode-alert alert alert-info\">4.7.5.1a<\/div>\n<\/td>\n<td>\n<div class=\"bs-shortcode-alert alert alert-info\">\n<p><a href=\"https:\/\/www.umv.gov.co\/portal\/wp-content\/uploads\/2022\/08\/4.7-8.1-plan-de-mejoramiento-Auditoria-de-regularidad-Codigo-098-de-2022-Contraloria-de-Bogota-D.C.-1.pdf\" target=\"_blank\" rel=\"noopener\">Plan de mejoramiento Auditor\u00eda de regularidad c\u00f3digo 098 de 2022 Contralor\u00eda de Bogot\u00e1<\/a><\/div>\n<\/td>\n<td>\n<div class=\"bs-shortcode-alert alert alert-info\">Pdf<\/div>\n<\/td>\n<\/tr>\n<\/tbody>\n<\/table>\n<p>[\/vc_column_text][\/vc_tta_section][vc_tta_section i_icon_fontawesome=&#8221;&#8221; add_icon=&#8221;true&#8221; title=&#8221;4.7.5.2. Derivados de auditor\u00edas ejecutadas por la Oficina de Control Interno&#8221; tab_id=&#8221;Derivados-de-auditorias-ejecutadas-por-la-Oficina-de-Control-Interno&#8221;][vc_column_text]<\/p>\n<table width=\"936\" align=\"center\">\n<tbody>\n<tr>\n<td style=\"text-align: center;\" align=\"center\" width=\"70\">\n<div class=\"bs-shortcode-alert alert alert-warning\"><strong>C\u00d3DIGO<\/strong><\/div>\n<\/td>\n<td style=\"text-align: center;\" width=\"692\">\n<div class=\"bs-shortcode-alert alert alert-warning\"><strong>NOMBRE DEL INFORME<\/strong><\/div>\n<\/td>\n<td style=\"text-align: center;\" width=\"74\">\n<div class=\"bs-shortcode-alert alert alert-warning\"><strong>FORMATO<\/strong><\/div>\n<\/td>\n<\/tr>\n<tr>\n<td>\n<div class=\"bs-shortcode-alert alert alert-info\">4.7.5.2a<\/div>\n<\/td>\n<td>\n<div class=\"bs-shortcode-alert alert alert-info\">\n<p><a href=\"https:\/\/www.umv.gov.co\/portal\/wp-content\/uploads\/2022\/01\/7.32a-Plan-Mejoramiento-proceso-de-planificacion-de-la-intervencion-vial-\u2013-PIV.xlsx\">Plan Mejoramiento proceso de Planificaci\u00f3n de la Intervenci\u00f3n Vial<\/a><\/div>\n<\/td>\n<td>\n<div class=\"bs-shortcode-alert alert alert-info\">Excel<\/div>\n<\/td>\n<\/tr>\n<tr>\n<td>\n<div class=\"bs-shortcode-alert alert alert-info\">4.7.5.2b<\/div>\n<\/td>\n<td>\n<div class=\"bs-shortcode-alert alert alert-info\">\n<p><a href=\"https:\/\/www.umv.gov.co\/portal\/wp-content\/uploads\/2022\/01\/7.3.2b-plan-de-mejoramiento-proceso-GSIT-2020.xlsx\">Plan de Mejoramiento Proceso GSIT<\/a><\/div>\n<\/td>\n<td>\n<div class=\"bs-shortcode-alert alert alert-info\">Excel<\/div>\n<\/td>\n<\/tr>\n<tr>\n<td>\n<div class=\"bs-shortcode-alert alert alert-info\">4.7.5.2c<\/div>\n<\/td>\n<td>\n<div class=\"bs-shortcode-alert alert alert-info\">\n<p><a href=\"https:\/\/www.umv.gov.co\/portal\/wp-content\/uploads\/2022\/01\/7.3.2-c-plan-de-mejoramiento-proceso-DESI-1.xlsx\">Plan de Mejoramiento Proceso DESI<\/a><\/div>\n<\/td>\n<td>\n<div class=\"bs-shortcode-alert alert alert-info\">Excel<\/div>\n<\/td>\n<\/tr>\n<tr>\n<td>\n<div class=\"bs-shortcode-alert alert alert-info\">4.7.5.2d<\/div>\n<\/td>\n<td>\n<div class=\"bs-shortcode-alert alert alert-info\">\n<p><a href=\"https:\/\/www.umv.gov.co\/portal\/wp-content\/uploads\/2022\/02\/7.3.2d-Plan-de-Mejoramiento-GCON-Traslado-Auditoria-del-proceso-DESI..xlsx\">Plan de Mejoramiento GCON Traslado Auditoria-del-proceso-DESI 2021<\/a><\/div>\n<\/td>\n<td>\n<div class=\"bs-shortcode-alert alert alert-info\">Excel<\/div>\n<\/td>\n<\/tr>\n<tr>\n<td>\n<div class=\"bs-shortcode-alert alert alert-info\">4.7.5.2e<\/div>\n<\/td>\n<td>\n<div class=\"bs-shortcode-alert alert alert-info\">\n<p><a href=\"https:\/\/www.umv.gov.co\/portal\/wp-content\/uploads\/2022\/02\/7.3.2e-Plan-de-Mejoramiento-al-Proceso-de-Gestion-Contractual-2021.xlsx\">Plan de Mejoramiento proceso Gesti\u00f3n Contractual &#8211; GCON\u00a0<\/a><\/div>\n<\/td>\n<td>\n<div class=\"bs-shortcode-alert alert alert-info\">Excel<\/div>\n<\/td>\n<\/tr>\n<tr>\n<td>\n<div class=\"bs-shortcode-alert alert alert-info\">4.7.5.2f<\/div>\n<\/td>\n<td>\n<div class=\"bs-shortcode-alert alert alert-info\">\n<p><a href=\"https:\/\/www.umv.gov.co\/portal\/wp-content\/uploads\/2022\/03\/7.3.2f-Plan-de-mejoramiento-Proceso-Atencion-a-Partes-Interesadas-y-Comunicaciones-APIC-2021-1.xlsx\">Plan de Mejoramiento proceso Atenci\u00f3n a partes Interesadas y comunicaciones-APIC\u00a0<\/a><\/div>\n<\/td>\n<td>\n<div class=\"bs-shortcode-alert alert alert-info\">Excel<\/div>\n<\/td>\n<\/tr>\n<tr>\n<td>\n<div class=\"bs-shortcode-alert alert alert-info\">4.7.5.2g<\/div>\n<\/td>\n<td>\n<div class=\"bs-shortcode-alert alert alert-info\">\n<p><a href=\"https:\/\/www.umv.gov.co\/portal\/wp-content\/uploads\/2022\/03\/7.3.2G-Plan-de-Mejoramiento-de-la-Auditoria-proceso-Gestion-Ambiental-GAM.xlsx\">Plan de Mejoramiento proceso de Gesti\u00f3n Ambiental- GAM<\/a><\/div>\n<\/td>\n<td>\n<div class=\"bs-shortcode-alert alert alert-info\">Excel<\/div>\n<\/td>\n<\/tr>\n<tr>\n<td>\n<div class=\"bs-shortcode-alert alert alert-info\">4.7.5.2h<\/div>\n<\/td>\n<td>\n<div class=\"bs-shortcode-alert alert alert-info\">\n<p><a href=\"https:\/\/www.umv.gov.co\/portal\/wp-content\/uploads\/2022\/03\/7.3.2-h-Plan-de-Mejoramiento-al-proceso-de-Gestion-Documental-GDOC.xlsx\">Plan de Mejoramiento proceso Gesti\u00f3n Documental -GDOC\u00a0<\/a><\/div>\n<\/td>\n<td>\n<div class=\"bs-shortcode-alert alert alert-info\">Excel<\/div>\n<\/td>\n<\/tr>\n<tr>\n<td>\n<div class=\"bs-shortcode-alert alert alert-info\">4.7.5.2i<\/div>\n<\/td>\n<td>\n<div class=\"bs-shortcode-alert alert alert-info\">\n<p><a href=\"https:\/\/www.umv.gov.co\/portal\/wp-content\/uploads\/2022\/03\/7.3.2i-Plan-de-Mejoramiento-de-proceso-APIC-Producto-del-informe-de-la-Direccion-Distrital-de-la-Calidad-del-Servicio.xlsx\">Plan de Mejoramiento proceso Atenci\u00f3n a partes Interesadas y Comunicaciones APIC. derivado del informe de la Direcci\u00f3n Distrital de la Calidad del Servicio.<\/a><\/div>\n<\/td>\n<td>\n<div class=\"bs-shortcode-alert alert alert-info\">Excel<\/div>\n<\/td>\n<\/tr>\n<tr>\n<td>\n<div class=\"bs-shortcode-alert alert alert-info\">4.7.5.2j<\/div>\n<\/td>\n<td>\n<div class=\"bs-shortcode-alert alert alert-info\">\n<p><a href=\"https:\/\/www.umv.gov.co\/portal\/wp-content\/uploads\/2022\/03\/7.3.2j-Plan-de-mejoramiento-de-gestion-contractual-traslado-de-Auditoria-a-contratos-sindicales-331-2020-y-346-de-2021..xlsx\">Plan de mejoramiento de gesti\u00f3n contractual traslado de Auditor\u00eda a contratos sindicales 331-2020 y 346 de 2021<\/a><\/div>\n<\/td>\n<td>\n<div class=\"bs-shortcode-alert alert alert-info\">Excel<\/div>\n<\/td>\n<\/tr>\n<tr>\n<td>\n<div class=\"bs-shortcode-alert alert alert-info\">4.7.5.2k<\/div>\n<\/td>\n<td>\n<div class=\"bs-shortcode-alert alert alert-info\">\n<p><a href=\"https:\/\/www.umv.gov.co\/portal\/wp-content\/uploads\/2022\/04\/7.3-2k-Plan-de-mejoramiento-GJUR-traslado-Auditoria-GDOC-2021.xlsx\">Plan de mejoramiento \u00a0GJUR \u00a0traslado Auditor\u00eda GDOC 2021<\/a><\/div>\n<\/td>\n<td>\n<div class=\"bs-shortcode-alert alert alert-info\">Excel<\/div>\n<\/td>\n<\/tr>\n<tr>\n<td>\n<div class=\"bs-shortcode-alert alert alert-info\">4.7.5.2l<\/div>\n<\/td>\n<td>\n<div class=\"bs-shortcode-alert alert alert-info\">\n<p><a href=\"https:\/\/www.umv.gov.co\/portal\/wp-content\/uploads\/2022\/07\/4.7.5.2L-Plan-de-mejoramiento-de-GTHU-STT-resultado-del-Informe-de-inspecciones-en-frentes-de-obra-y-sedes-de-la-UAERMV.pdf\" target=\"_blank\" rel=\"noopener\">Plan\u00a0de mejoramiento de GTHU STT resultado del Informe de inspecciones en frentes de obra y sedes de la UAERMV<\/a><\/div>\n<\/td>\n<td>\n<div class=\"bs-shortcode-alert alert alert-info\">Pdf<\/div>\n<\/td>\n<\/tr>\n<tr>\n<td>\n<div class=\"bs-shortcode-alert alert alert-info\">4.7.5.2m<\/div>\n<\/td>\n<td>\n<div class=\"bs-shortcode-alert alert alert-info\">\n<p><a href=\"https:\/\/www.umv.gov.co\/portal\/wp-content\/uploads\/2022\/07\/4.7.5.2m-Plan-de-mejoramiento-de-GASA-resultado-del-Informe-de-inspecciones-en-frentes-de-obra-y-sedes-de-la-UAERMV.pdf\" target=\"_blank\" rel=\"noopener\">Plan de mejoramiento de GASA resultado del Informe de inspecciones en frentes de obra y sedes de la UAERMV<\/a><\/div>\n<\/td>\n<td>\n<div class=\"bs-shortcode-alert alert alert-info\">Pdf<\/div>\n<\/td>\n<\/tr>\n<tr>\n<td>\n<div class=\"bs-shortcode-alert alert alert-info\">4.7.5.2n<\/div>\n<\/td>\n<td>\n<div class=\"bs-shortcode-alert alert alert-info\">\n<p><a href=\"https:\/\/www.umv.gov.co\/portal\/wp-content\/uploads\/2022\/07\/4.7.8.2-n-Plan-de-mejoramiento-Proceso-Gestion-Juridica-GJUR-2022.pdf\" target=\"_blank\" rel=\"noopener\">Plan de mejoramiento Auditor\u00eda de Gesti\u00f3n Jur\u00eddica GJUR 2022\u00a0<\/a><\/div>\n<\/td>\n<td>\n<div class=\"bs-shortcode-alert alert alert-info\">Pdf<\/div>\n<\/td>\n<\/tr>\n<tr>\n<td>\n<div class=\"bs-shortcode-alert alert alert-info\">4.7.5.2o<\/div>\n<\/td>\n<td>\n<div class=\"bs-shortcode-alert alert alert-info\">\n<p><a href=\"https:\/\/www.umv.gov.co\/portal\/wp-content\/uploads\/2022\/08\/4.7.8.2o-Plan-de-Mejoramiento-derivado-de-la-auditoria-interna-al-proceso-APIC-2022.pdf\" target=\"_blank\" rel=\"noopener\">Plan de mejoramiento Auditor\u00eda interna al proceso atenci\u00f3n a partes interesadas\u00a0 APIC -2022\u00a0<\/a><\/div>\n<\/td>\n<td>\n<div class=\"bs-shortcode-alert alert alert-info\">Pdf<\/div>\n<\/td>\n<\/tr>\n<tr>\n<td>\n<div class=\"bs-shortcode-alert alert alert-info\">4.7.5.2p<\/div>\n<\/td>\n<td>\n<div class=\"bs-shortcode-alert alert alert-info\">\n<p><a href=\"https:\/\/www.umv.gov.co\/portal\/wp-content\/uploads\/2022\/08\/4.7.8.2-p-plan-de-mejoramiento-caja-menor-2022.pdf\" target=\"_blank\" rel=\"noopener\">Plan de mejoramiento a caja menor -2022\u00a0<\/a><\/div>\n<\/td>\n<td>\n<div class=\"bs-shortcode-alert alert alert-info\">Pdf<\/div>\n<\/td>\n<\/tr>\n<tr>\n<td>\n<div class=\"bs-shortcode-alert alert alert-info\">4.7.5.2q<\/div>\n<\/td>\n<td>\n<div class=\"bs-shortcode-alert alert alert-info\">\n<p><a href=\"https:\/\/www.umv.gov.co\/portal\/wp-content\/uploads\/2022\/08\/4.7.8.2-q-plan-de-mejoramiento-Auditoria-procesoControl-Disciplinario-Interno-CODI-2022.pdf\" target=\"_blank\" rel=\"noopener\">Plan de mejoramiento Auditor\u00eda interna al proceso CODI\u00a0 -2022\u00a0<\/a><\/div>\n<\/td>\n<td>\n<div class=\"bs-shortcode-alert alert alert-info\">Pdf<\/div>\n<\/td>\n<\/tr>\n<tr>\n<td>\n<div class=\"bs-shortcode-alert alert alert-info\">4.7.5.2r<\/div>\n<\/td>\n<td>\n<div class=\"bs-shortcode-alert alert alert-info\">\n<p><a href=\"https:\/\/www.umv.gov.co\/portal\/wp-content\/uploads\/2022\/08\/4.7.8.2-r-Plan-de-mejoramiento-traslado-del-II-informe-de-seguimiento-a-inspecciones-en-frentes-de-obra-y-sedes-al-proceso-PIV.pdf\" target=\"_blank\" rel=\"noopener\">Plan de mejoramiento traslado del II informe de seguimiento a inspecciones en frentes de obra y sedes al proceso PIV<\/a><\/div>\n<\/td>\n<td>\n<div class=\"bs-shortcode-alert alert alert-info\">Pdf<\/div>\n<\/td>\n<\/tr>\n<tr>\n<td>\n<div class=\"bs-shortcode-alert alert alert-info\">4.7.5.2s<\/div>\n<\/td>\n<td>\n<div class=\"bs-shortcode-alert alert alert-info\">\n<p><a href=\"https:\/\/www.umv.gov.co\/portal\/wp-content\/uploads\/2022\/08\/4.7.8.2s-Plan-de-mejoramiento-traslado-de-informe-II-trimestral-de-visitas-a-frentes-de-obra-y-sedes-al-proceso-GTHU-SST.pdf\" target=\"_blank\" rel=\"noopener\">Plan de mejoramiento traslado de informe II trimestral de visitas a frentes de obra y sedes al proceso GTHU -SST<\/a><\/div>\n<\/td>\n<td>\n<div class=\"bs-shortcode-alert alert alert-info\">Pdf<\/div>\n<\/td>\n<\/tr>\n<tr>\n<td>\n<div class=\"bs-shortcode-alert alert alert-info\">4.7.5.2t<\/div>\n<\/td>\n<td>\n<div class=\"bs-shortcode-alert alert alert-info\">\n<p><a href=\"https:\/\/www.umv.gov.co\/portal\/wp-content\/uploads\/2022\/08\/4.7.8.2t-plan-de-mejoramiento-informe-normas-derechos-de-autor-sobre-sofware.pdf\" target=\"_blank\" rel=\"noopener\">Plan de mejoramiento informe normas derechos de autor sobre software<\/a><\/div>\n<\/td>\n<td>\n<div class=\"bs-shortcode-alert alert alert-info\">Pdf<\/div>\n<\/td>\n<\/tr>\n<tr>\n<td>\n<div class=\"bs-shortcode-alert alert alert-info\">4.7.5.2u<\/div>\n<\/td>\n<td>\n<div class=\"bs-shortcode-alert alert alert-info\">\n<p><a href=\"https:\/\/www.umv.gov.co\/portal\/wp-content\/uploads\/2022\/08\/4.7.8.2u-Plan-mejoramiento-traslado-del-Informe-de-seguimiento-a-inspecciones-en-frentes-de-obra-y-sedes-al-proceso-IMVI.pdf\" target=\"_blank\" rel=\"noopener\">Plan mejoramiento traslado del Informe de seguimiento a inspecciones en frentes de obra y sedes al proceso IMVI<\/a><\/div>\n<\/td>\n<td>\n<div class=\"bs-shortcode-alert alert alert-info\">Pdf<\/div>\n<\/td>\n<\/tr>\n<tr>\n<td>\n<div class=\"bs-shortcode-alert alert alert-info\">4.7.5.2v<\/div>\n<\/td>\n<td>\n<div class=\"bs-shortcode-alert alert alert-info\">\n<p><a href=\"https:\/\/www.umv.gov.co\/portal\/wp-content\/uploads\/2022\/08\/4.7.8.2v-Plan-de-mejoramiento-traslado-auditoria-proceso-GJUR-2022-a-proceso-GCON.pdf\" target=\"_blank\" rel=\"noopener\">Plan de mejoramiento traslado auditor\u00eda proceso GJUR 2022 a proceso GCON<\/a><\/div>\n<\/td>\n<td>\n<div class=\"bs-shortcode-alert alert alert-info\">Pdf<\/div>\n<\/td>\n<\/tr>\n<tr>\n<td>\n<div class=\"bs-shortcode-alert alert alert-info\">4.7.5.2x<\/div>\n<\/td>\n<td>\n<div class=\"bs-shortcode-alert alert alert-info\">\n<p><a href=\"https:\/\/www.umv.gov.co\/portal\/wp-content\/uploads\/2022\/08\/4.7.8.2X-Plan-de-mejoramiento-traslado-de-auditoria-proceso-IMVI-2022-a-proceso-GCON.pdf\" target=\"_blank\" rel=\"noopener\">Plan de mejoramiento traslado de auditor\u00eda proceso IMVI 2022 a proceso GCON<\/a><\/div>\n<\/td>\n<td>\n<div class=\"bs-shortcode-alert alert alert-info\">Pdf<\/div>\n<\/td>\n<\/tr>\n<tr>\n<td>\n<div class=\"bs-shortcode-alert alert alert-info\">4.7.5.2y<\/div>\n<\/td>\n<td>\n<div class=\"bs-shortcode-alert alert alert-info\">\n<p><a href=\"https:\/\/www.umv.gov.co\/portal\/wp-content\/uploads\/2022\/08\/4.7.8.2y-plan-de-mejoramiento-de-Auditoria-al-proceso-Intervencion-de-la-malla-vial-IMVI-2022.pdf\" target=\"_blank\" rel=\"noopener\">Plan de mejoramiento de Auditor\u00eda al proceso Intervenci\u00f3n de la malla vial &#8211; IMVI 2022<\/a><\/div>\n<\/td>\n<td>\n<div class=\"bs-shortcode-alert alert alert-info\">Pdf<\/div>\n<\/td>\n<\/tr>\n<tr>\n<td>\n<div class=\"bs-shortcode-alert alert alert-info\">4.7.5.2x<\/div>\n<\/td>\n<td>\n<div class=\"bs-shortcode-alert alert alert-info\">\n<p><a href=\"https:\/\/www.umv.gov.co\/portal\/wp-content\/uploads\/2022\/08\/4.7.8.2X-Plan-de-mejoramiento-traslado-de-auditoria-proceso-IMVI-2022-a-proceso-GCON.pdf\" target=\"_blank\" rel=\"noopener\">Plan de mejoramiento traslado de auditor\u00eda proceso IMVI 2022 a proceso GCON<\/a><\/div>\n<\/td>\n<td>\n<div class=\"bs-shortcode-alert alert alert-info\">Pdf<\/div>\n<\/td>\n<\/tr>\n<tr>\n<td>\n<div class=\"bs-shortcode-alert alert alert-info\">4.7.5.2z<\/div>\n<\/td>\n<td>\n<div class=\"bs-shortcode-alert alert alert-info\">\n<p><a href=\"https:\/\/www.umv.gov.co\/portal\/wp-content\/uploads\/2022\/09\/4.7.8.2Z-Plan-de-Mejoramiento-de-GASA-traslado-de-informe-de-visitas-a-frentes-de-obra.pdf\" target=\"_blank\" rel=\"noopener\">Plan de Mejoramiento de GASA traslado de informe de visitas a frentes de obra<\/a><\/div>\n<\/td>\n<td>\n<div class=\"bs-shortcode-alert alert alert-info\">Pdf<\/div>\n<\/td>\n<\/tr>\n<tr>\n<td>\n<div class=\"bs-shortcode-alert alert alert-info\">4.7.5.2za<\/div>\n<\/td>\n<td>\n<div class=\"bs-shortcode-alert alert alert-info\">\n<p><a href=\"https:\/\/www.umv.gov.co\/portal\/wp-content\/uploads\/2022\/11\/4.7.5.2za-Plan-de-Mejoramiento-de-GASA-informe-de-visitas-a-frentes-de-obra-tercer-timestre-2022.pdf\" target=\"_blank\" rel=\"noopener\"><span class=\"x_ContentPasted0\">Plan<\/span><span class=\"x_ContentPasted0\">\u00a0de mejoramiento de GASA Informe de inspecciones en obra tercer trimestre 2022<\/span><\/a><\/div>\n<\/td>\n<td>\n<div class=\"bs-shortcode-alert alert alert-info\">Pdf<\/div>\n<\/td>\n<\/tr>\n<tr>\n<td>\n<div class=\"bs-shortcode-alert alert alert-info\">4.7.5.2zb<\/div>\n<\/td>\n<td>\n<div class=\"bs-shortcode-alert alert alert-info\">\n<p><a href=\"https:\/\/www.umv.gov.co\/portal\/wp-content\/uploads\/2022\/12\/4.7.5.2zb-Plan-de-Mejoramiento-proceso-de-Gestion-Contractual-GCON-2022.pdf\" target=\"_blank\" rel=\"noopener\">Plan de Mejoramiento proceso Gesti\u00f3n Contractual &#8211; GCON 2022<\/a><\/div>\n<\/td>\n<td>\n<div class=\"bs-shortcode-alert alert alert-info\">Pdf<\/div>\n<\/td>\n<\/tr>\n<tr>\n<td>\n<div class=\"bs-shortcode-alert alert alert-info\">4.7.5.2zc<\/div>\n<\/td>\n<td>\n<div class=\"bs-shortcode-alert alert alert-info\">\n<p><a href=\"https:\/\/www.umv.gov.co\/portal\/wp-content\/uploads\/2022\/12\/4.7.5.2zC-plan-de-mejoramiento-de-la-auditoria-PPMQ-2022.pdf\" target=\"_blank\" rel=\"noopener\">Plan de Mejoramiento proceso PPMQ- 2022\u00a0<\/a><\/div>\n<\/td>\n<td>\n<div class=\"bs-shortcode-alert alert alert-info\">Pdf<\/div>\n<\/td>\n<\/tr>\n<\/tbody>\n<\/table>\n<p>[\/vc_column_text][\/vc_tta_section][vc_tta_section i_icon_fontawesome=&#8221;&#8221; add_icon=&#8221;true&#8221; title=&#8221;4.7.5.3. Derivados de visitas efectuadas por el Consejo Distrital de Archivos&#8221; tab_id=&#8221;Derivados-de-visitas-efectuadas-por-el-Consejo-Distrital-de-Archivos&#8221;][vc_column_text][\/vc_column_text][\/vc_tta_section][vc_tta_section i_icon_fontawesome=&#8221;&#8221; add_icon=&#8221;true&#8221; title=&#8221;4.7.5.4. Derivados de la autoevaluaci\u00f3n de los procesos&#8221; tab_id=&#8221;Derivados-de-la-autoevaluacion-de-los-procesos&#8221;][vc_column_text]<\/p>\n<table width=\"836\" align=\"center\">\n<tbody>\n<tr>\n<td style=\"text-align: center;\" align=\"center\" width=\"70\">\n<div class=\"bs-shortcode-alert alert alert-warning\"><strong>C\u00d3DIGO<\/strong><\/div>\n<\/td>\n<td style=\"text-align: center;\" width=\"692\">\n<div class=\"bs-shortcode-alert alert alert-warning\"><strong>NOMBRE DEL INFORME<\/strong><\/div>\n<\/td>\n<td style=\"text-align: center;\" width=\"74\">\n<div class=\"bs-shortcode-alert alert alert-warning\"><strong>FORMATO<\/strong><\/div>\n<\/td>\n<\/tr>\n<tr>\n<td>\n<div class=\"bs-shortcode-alert alert alert-info\">4.7.5.4a<\/div>\n<\/td>\n<td>\n<div class=\"bs-shortcode-alert alert alert-info\">\n<p><a href=\"https:\/\/www.umv.gov.co\/portal\/wp-content\/uploads\/2022\/03\/7.3.4a-Plan-de-mejoramiento-proceso-de-gestion-de-talento-humano-sistema-de-gestion-de-seguridad-y-salud-en-el-trabajo-SGSST.xlsx\">Plan de mejoramiento proceso de gesti\u00f3n de talento humano &#8211; sistema de gesti\u00f3n de seguridad y salud en el trabajo (SGSST)<\/a><\/div>\n<\/td>\n<td>\n<div class=\"bs-shortcode-alert alert alert-info\">Excel<\/div>\n<\/td>\n<\/tr>\n<\/tbody>\n<\/table>\n<p>[\/vc_column_text][\/vc_tta_section][vc_tta_section i_icon_fontawesome=&#8221;&#8221; add_icon=&#8221;true&#8221; title=&#8221;4.7.5.5. Derivados de auditor\u00edas Externas&#8221; tab_id=&#8221;1658931068265-1981b5cf-78b0&#8243;][vc_column_text]<\/p>\n<table width=\"936\" align=\"center\">\n<tbody>\n<tr>\n<td style=\"text-align: center;\" align=\"center\" width=\"70\">\n<div class=\"bs-shortcode-alert alert alert-warning\"><strong>C\u00d3DIGO<\/strong><\/div>\n<\/td>\n<td style=\"text-align: center;\" width=\"692\">\n<div class=\"bs-shortcode-alert alert alert-warning\"><strong>NOMBRE DEL INFORME<\/strong><\/div>\n<\/td>\n<td style=\"text-align: center;\" width=\"74\">\n<div class=\"bs-shortcode-alert alert alert-warning\"><strong>FORMATO<\/strong><\/div>\n<\/td>\n<\/tr>\n<tr>\n<td>\n<div class=\"bs-shortcode-alert alert alert-info\">4.7.5.5a<\/div>\n<\/td>\n<td>\n<div class=\"bs-shortcode-alert alert alert-info\">\n<p><a href=\"https:\/\/www.umv.gov.co\/portal\/wp-content\/uploads\/2022\/07\/4.7.8.5A-plan-de-mejoramiento-formulado-por-el-proceso-de-Gestion-de-laboratorio-\u2013GLAB.pdf\" target=\"_blank\" rel=\"noopener\">Plan de mejoramiento Gesti\u00f3n de Laboratorio GLAB\u00a0producto\u00a0de la auditoria Auditor\u00eda externa para mantener la Acreditaci\u00f3n al Laboratorio de Suelos y Pavimentos UAERMV \u2013 2022.<\/a><\/div>\n<\/td>\n<td>\n<div class=\"bs-shortcode-alert alert alert-info\">Excel<\/div>\n<\/td>\n<\/tr>\n<\/tbody>\n<\/table>\n<p>[\/vc_column_text][\/vc_tta_section][\/vc_tta_accordion][\/vc_column][\/vc_row][vc_row pix_particles_check=&#8221;&#8221;][vc_column][\/vc_column][\/vc_row]<\/p>\n<\/div>","protected":false},"excerpt":{"rendered":"[vc_row pix_particles_check=&#8221;&#8221; css=&#8221;.vc_custom_1725578576998{margin-top: -20px !important;}&#8221;][vc_column][vc_tta_accordion section_title_tag=&#8221;h5&#8243; style=&#8221;modern&#8221; color=&#8221;white&#8221; c_icon=&#8221;&#8221; active_section=&#8221;&#8221; collapsible_all=&#8221;true&#8221;][vc_tta_section i_icon_fontawesome=&#8221;&#8221; add_icon=&#8221;true&#8221; title=&#8221;4.7.5.1. Derivados de auditor\u00edas ejecutadas por la Contralor\u00eda de Bogot\u00e1&#8221; tab_id=&#8221;Derivados-de-auditorias-ejecutadas-por-la-Contraloria-de-Bogota&#8221;][vc_column_text] C\u00d3DIGO NOMBRE DEL INFORME FORMATO 4.7.5.1a Plan de mejoramiento Auditor\u00eda de regularidad c\u00f3digo 098 de 2022&#8230;","protected":false},"author":1,"featured_media":0,"parent":0,"menu_order":0,"comment_status":"closed","ping_status":"closed","template":"","meta":{"_monsterinsights_skip_tracking":false,"_monsterinsights_sitenote_active":false,"_monsterinsights_sitenote_note":"","_monsterinsights_sitenote_category":0,"footnotes":""},"class_list":["post-19482","page","type-page","status-publish","hentry"],"_links":{"self":[{"href":"https:\/\/www.umv.gov.co\/portal\/wp-json\/wp\/v2\/pages\/19482","targetHints":{"allow":["GET"]}}],"collection":[{"href":"https:\/\/www.umv.gov.co\/portal\/wp-json\/wp\/v2\/pages"}],"about":[{"href":"https:\/\/www.umv.gov.co\/portal\/wp-json\/wp\/v2\/types\/page"}],"author":[{"embeddable":true,"href":"https:\/\/www.umv.gov.co\/portal\/wp-json\/wp\/v2\/users\/1"}],"replies":[{"embeddable":true,"href":"https:\/\/www.umv.gov.co\/portal\/wp-json\/wp\/v2\/comments?post=19482"}],"version-history":[{"count":0,"href":"https:\/\/www.umv.gov.co\/portal\/wp-json\/wp\/v2\/pages\/19482\/revisions"}],"wp:attachment":[{"href":"https:\/\/www.umv.gov.co\/portal\/wp-json\/wp\/v2\/media?parent=19482"}],"curies":[{"name":"wp","href":"https:\/\/api.w.org\/{rel}","templated":true}]}}