{"id":18351,"date":"2021-10-06T14:40:10","date_gmt":"2021-10-06T14:40:10","guid":{"rendered":"https:\/\/www.umv.gov.co\/portal\/?page_id=18351"},"modified":"2026-04-23T16:19:49","modified_gmt":"2026-04-23T16:19:49","slug":"informes-de-seguimiento-politicas-mipg","status":"publish","type":"page","link":"https:\/\/www.umv.gov.co\/portal\/transparencia2020\/informes-de-seguimiento-politicas-mipg\/","title":{"rendered":"Informes de Seguimiento Pol\u00edticas MIPG"},"content":{"rendered":"<div class=\"wpb-content-wrapper\">[vc_row pix_particles_check=&#8221;&#8221; css=&#8221;.vc_custom_1631228172550{background-color: #ffffff !important;}&#8221;][vc_column]<span class=\"pix-badge-element h6 d-inline-flex mr-1 \"  ><span class=\"badge font-weight-bold secondary-font  bg-secondary  vc_custom_1741885176999  \" style=\" \"><span class=\"text-white\" style=\"\">INFORMES DE SEGUIMIENTO POL\u00cdTICAS MIPG<\/span><\/span><\/span>[\/vc_column][\/vc_row][vc_row pix_particles_check=&#8221;&#8221; css=&#8221;.vc_custom_1631224850637{background-color: #ffffff !important;}&#8221;][vc_column width=&#8221;1\/4&#8243;][vc_column_text css=&#8221;.vc_custom_1776961131217{margin-top: 5px !important;margin-right: 5px !important;margin-bottom: 5px !important;margin-left: 5px !important;border-top-width: 5px !important;border-right-width: 5px !important;border-bottom-width: 5px !important;border-left-width: 5px !important;padding-top: 5px !important;padding-right: 5px !important;padding-bottom: 5px !important;padding-left: 5px !important;}&#8221;]<div class=\"bs-shortcode-alert alert alert-danger\"><a href=\"https:\/\/www.umv.gov.co\/portal\/wp-content\/uploads\/2026\/04\/1er-Informe-de-Avance-de-politicas-de-gestion-MIPG-2025_Version2-1.docx\" target=\"_blank\" rel=\"noopener\"><strong>Informe de pol\u00edticas de gesti\u00f3n MIPG corte 1er trimestre de 2025<\/strong><\/a><\/div>[\/vc_column_text][\/vc_column][vc_column width=&#8221;1\/4&#8243;][vc_column_text css=&#8221;.vc_custom_1776961149281{margin-top: 5px !important;margin-right: 5px !important;margin-bottom: 5px !important;margin-left: 5px !important;border-top-width: 5px !important;border-right-width: 5px !important;border-bottom-width: 5px !important;border-left-width: 5px !important;padding-top: 5px !important;padding-right: 5px !important;padding-bottom: 5px !important;padding-left: 5px !important;}&#8221;]<div class=\"bs-shortcode-alert alert alert-danger\"><a href=\"https:\/\/www.umv.gov.co\/portal\/wp-content\/uploads\/2026\/04\/2do-Informe-de-Avance-de-politicas-de-gestion-MIPG-2025-1.docx\" target=\"_blank\" rel=\"noopener\"><strong>Informe de pol\u00edticas de gesti\u00f3n MIPG corte 2do trimestre de 2025<\/strong><\/a><\/div>[\/vc_column_text][\/vc_column][vc_column width=&#8221;1\/4&#8243;][vc_column_text css=&#8221;.vc_custom_1776961166168{margin-top: 5px !important;margin-right: 5px !important;margin-bottom: 5px !important;margin-left: 5px !important;border-top-width: 5px !important;border-right-width: 5px !important;border-bottom-width: 5px !important;border-left-width: 5px !important;padding-top: 5px !important;padding-right: 5px !important;padding-bottom: 5px !important;padding-left: 5px !important;}&#8221;]<div class=\"bs-shortcode-alert alert alert-danger\"><a href=\"https:\/\/www.umv.gov.co\/portal\/wp-content\/uploads\/2026\/04\/3er-Informe-de-Avance-de-politicas-de-gestion-MIPG-2025-1.docx\" target=\"_blank\" rel=\"noopener\"><strong>Informe de pol\u00edticas de gesti\u00f3n MIPG corte 3er trimestre de 2025<\/strong><\/a><\/div>[\/vc_column_text][\/vc_column][vc_column width=&#8221;1\/4&#8243;][vc_column_text css=&#8221;.vc_custom_1776961181983{margin-top: 5px !important;margin-right: 5px !important;margin-bottom: 5px !important;margin-left: 5px !important;border-top-width: 5px !important;border-right-width: 5px !important;border-bottom-width: 5px !important;border-left-width: 5px !important;padding-top: 5px !important;padding-right: 5px !important;padding-bottom: 5px !important;padding-left: 5px !important;}&#8221;]<div class=\"bs-shortcode-alert alert alert-danger\"><a href=\"https:\/\/www.umv.gov.co\/portal\/wp-content\/uploads\/2026\/04\/4to-Informe-de-Avance-de-politicas-de-gestion-MIPG-2025-.docx\" target=\"_blank\" rel=\"noopener\"><strong>Informe de pol\u00edticas de gesti\u00f3n MIPG corte 4to trimestre de 2025<\/strong><\/a><\/div>[\/vc_column_text][\/vc_column][\/vc_row][vc_row pix_particles_check=&#8221;&#8221; css=&#8221;.vc_custom_1741885240566{margin-top: 30px !important;background-color: #ffffff !important;}&#8221;][vc_column]<span class=\"pix-badge-element h6 d-inline-flex mr-1 \"  ><span class=\"badge font-weight-bold secondary-font  bg-secondary  vc_custom_1741886500356  \" style=\" \"><span class=\"text-white\" style=\"\">Vigencia 2024<\/span><\/span><\/span>[\/vc_column][\/vc_row][vc_row pix_particles_check=&#8221;&#8221; css=&#8221;.vc_custom_1631224850637{background-color: #ffffff !important;}&#8221;][vc_column width=&#8221;1\/4&#8243;][vc_column_text css=&#8221;.vc_custom_1741886595731{margin-top: 5px !important;margin-right: 5px !important;margin-bottom: 5px !important;margin-left: 5px !important;border-top-width: 5px !important;border-right-width: 5px !important;border-bottom-width: 5px !important;border-left-width: 5px !important;padding-top: 5px !important;padding-right: 5px !important;padding-bottom: 5px !important;padding-left: 5px !important;}&#8221;]<div class=\"bs-shortcode-alert alert alert-danger\"><a href=\"https:\/\/www.umv.gov.co\/portal\/wp-content\/uploads\/2025\/03\/1er-Informe-de-Avance-de-politicas-de-gestion-MIPG-2024-2.docx\" target=\"_blank\" rel=\"noopener\"><strong>Informe de pol\u00edticas de gesti\u00f3n MIPG corte 1er trimestre de 2024<\/strong><\/a><\/div>[\/vc_column_text][\/vc_column][vc_column width=&#8221;1\/4&#8243;][vc_column_text css=&#8221;.vc_custom_1741886635795{margin-top: 5px !important;margin-right: 5px !important;margin-bottom: 5px !important;margin-left: 5px !important;border-top-width: 5px !important;border-right-width: 5px !important;border-bottom-width: 5px !important;border-left-width: 5px !important;padding-top: 5px !important;padding-right: 5px !important;padding-bottom: 5px !important;padding-left: 5px !important;}&#8221;]<div class=\"bs-shortcode-alert alert alert-danger\"><a href=\"https:\/\/www.umv.gov.co\/portal\/wp-content\/uploads\/2025\/03\/2do-Informe-de-Avance-de-politicas-de-gestion-MIPG-2024-1.docx\" target=\"_blank\" rel=\"noopener\"><strong>Informe de pol\u00edticas de gesti\u00f3n MIPG corte 2do trimestre del 2024<\/strong><\/a><\/div>[\/vc_column_text][\/vc_column][vc_column width=&#8221;1\/4&#8243;][vc_column_text css=&#8221;.vc_custom_1741886683362{margin-top: 5px !important;margin-right: 5px !important;margin-bottom: 5px !important;margin-left: 5px !important;border-top-width: 5px !important;border-right-width: 5px !important;border-bottom-width: 5px !important;border-left-width: 5px !important;padding-top: 5px !important;padding-right: 5px !important;padding-bottom: 5px !important;padding-left: 5px !important;}&#8221;]<div class=\"bs-shortcode-alert alert alert-danger\"><a href=\"https:\/\/www.umv.gov.co\/portal\/wp-content\/uploads\/2025\/03\/3er-Informe-de-Avance-de-politicas-de-gestion-MIPG-2024-1.docx\" target=\"_blank\" rel=\"noopener\"><strong>Informe de pol\u00edticas de gesti\u00f3n MIPG corte 3er\u00a0 trimestre del 2024<\/strong><\/a><\/div>[\/vc_column_text][\/vc_column][vc_column width=&#8221;1\/4&#8243;][vc_column_text css=&#8221;.vc_custom_1741886725688{margin-top: 5px !important;margin-right: 5px !important;margin-bottom: 5px !important;margin-left: 5px !important;border-top-width: 5px !important;border-right-width: 5px !important;border-bottom-width: 5px !important;border-left-width: 5px !important;padding-top: 5px !important;padding-right: 5px !important;padding-bottom: 5px !important;padding-left: 5px !important;}&#8221;]<div class=\"bs-shortcode-alert alert alert-danger\"><a href=\"https:\/\/www.umv.gov.co\/portal\/wp-content\/uploads\/2025\/03\/4to-Informe-de-Avance-de-politicas-de-gestion-MIPG-2024-1.docx\" target=\"_blank\" rel=\"noopener\"><strong>Informe de pol\u00edticas de gesti\u00f3n MIPG corte 4to trimestre del 2024<\/strong><\/a><\/div>[\/vc_column_text][\/vc_column][\/vc_row][vc_row pix_particles_check=&#8221;&#8221; css=&#8221;.vc_custom_1741885240566{margin-top: 30px !important;background-color: #ffffff !important;}&#8221;][vc_column]<span class=\"pix-badge-element h6 d-inline-flex mr-1 \"  ><span class=\"badge font-weight-bold secondary-font  bg-secondary  vc_custom_1750456201215  \" style=\" \"><span class=\"text-white\" style=\"\">Vigencia 2023<\/span><\/span><\/span>[\/vc_column][\/vc_row][vc_row pix_particles_check=&#8221;&#8221; css=&#8221;.vc_custom_1631224850637{background-color: #ffffff !important;}&#8221;][vc_column width=&#8221;1\/4&#8243;][vc_column_text css=&#8221;.vc_custom_1750456235914{margin-top: 5px !important;margin-right: 5px !important;margin-bottom: 5px !important;margin-left: 5px !important;border-top-width: 5px !important;border-right-width: 5px !important;border-bottom-width: 5px !important;border-left-width: 5px !important;padding-top: 5px !important;padding-right: 5px !important;padding-bottom: 5px !important;padding-left: 5px !important;}&#8221;]<div class=\"bs-shortcode-alert alert alert-danger\"><a href=\"https:\/\/www.umv.gov.co\/portal\/wp-content\/uploads\/2025\/06\/1er-Informe-de-Avance-de-politicas-de-gestion-MIPG-2023.docx\" target=\"_blank\" rel=\"noopener\"><strong>Informe de pol\u00edticas de gesti\u00f3n MIPG corte 1er trimestre de 2023<\/strong><\/a><\/div>[\/vc_column_text][\/vc_column][vc_column width=&#8221;1\/4&#8243;][vc_column_text css=&#8221;.vc_custom_1750456260343{margin-top: 5px !important;margin-right: 5px !important;margin-bottom: 5px !important;margin-left: 5px !important;border-top-width: 5px !important;border-right-width: 5px !important;border-bottom-width: 5px !important;border-left-width: 5px !important;padding-top: 5px !important;padding-right: 5px !important;padding-bottom: 5px !important;padding-left: 5px !important;}&#8221;]<div class=\"bs-shortcode-alert alert alert-danger\"><a href=\"https:\/\/www.umv.gov.co\/portal\/wp-content\/uploads\/2025\/06\/2do-Informe-de-Avance-de-politicas-de-gestion-MIPG-2023.docx\" target=\"_blank\" rel=\"noopener\"><strong>Informe de pol\u00edticas de gesti\u00f3n MIPG corte 2do trimestre del 2023<\/strong><\/a><\/div>[\/vc_column_text][\/vc_column][vc_column width=&#8221;1\/4&#8243;][vc_column_text css=&#8221;.vc_custom_1750456285668{margin-top: 5px !important;margin-right: 5px !important;margin-bottom: 5px !important;margin-left: 5px !important;border-top-width: 5px !important;border-right-width: 5px !important;border-bottom-width: 5px !important;border-left-width: 5px !important;padding-top: 5px !important;padding-right: 5px !important;padding-bottom: 5px !important;padding-left: 5px !important;}&#8221;]<div class=\"bs-shortcode-alert alert alert-danger\"><a href=\"https:\/\/www.umv.gov.co\/portal\/wp-content\/uploads\/2025\/06\/3er-Informe-de-Avance-de-politicas-de-gestion-MIPG-2023-1.docx\" target=\"_blank\" rel=\"noopener\"><strong>Informe de pol\u00edticas de gesti\u00f3n MIPG corte 3er&nbsp; trimestre del 2023<\/strong><\/a><\/div>[\/vc_column_text][\/vc_column][vc_column width=&#8221;1\/4&#8243;][vc_column_text css=&#8221;.vc_custom_1750456314711{margin-top: 5px !important;margin-right: 5px !important;margin-bottom: 5px !important;margin-left: 5px !important;border-top-width: 5px !important;border-right-width: 5px !important;border-bottom-width: 5px !important;border-left-width: 5px !important;padding-top: 5px !important;padding-right: 5px !important;padding-bottom: 5px !important;padding-left: 5px !important;}&#8221;]<div class=\"bs-shortcode-alert alert alert-danger\"><a href=\"https:\/\/www.umv.gov.co\/portal\/wp-content\/uploads\/2025\/06\/4to-Informe-de-Avance-de-politicas-de-gestion-MIPG-2023.docx\" target=\"_blank\" rel=\"noopener\"><strong>Informe de pol\u00edticas de gesti\u00f3n MIPG corte 4to trimestre del 2023<\/strong><\/a><\/div>[\/vc_column_text][\/vc_column][\/vc_row][vc_row pix_particles_check=&#8221;&#8221; css=&#8221;.vc_custom_1741885240566{margin-top: 30px !important;background-color: #ffffff !important;}&#8221;][vc_column]<span class=\"pix-badge-element h6 d-inline-flex mr-1 \"  ><span class=\"badge font-weight-bold secondary-font  bg-secondary  vc_custom_1741885214010  \" style=\" \"><span class=\"text-white\" style=\"\">Vigencia 2021-2020<\/span><\/span><\/span>[\/vc_column][\/vc_row][vc_row pix_particles_check=&#8221;&#8221; css=&#8221;.vc_custom_1631224850637{background-color: #ffffff !important;}&#8221;][vc_column width=&#8221;1\/3&#8243;][vc_column_text css=&#8221;.vc_custom_1633531184208{margin-top: 5px !important;margin-right: 5px !important;margin-bottom: 5px !important;margin-left: 5px !important;border-top-width: 5px !important;border-right-width: 5px !important;border-bottom-width: 5px !important;border-left-width: 5px !important;padding-top: 5px !important;padding-right: 5px !important;padding-bottom: 5px !important;padding-left: 5px !important;}&#8221;]<div class=\"bs-shortcode-alert alert alert-danger\"><strong><a href=\"https:\/\/www.umv.gov.co\/_transparencia2017\/Transparencia-Pagina-WEB\/6.Planeacion\/6.1Politicaslineamientosymanuales\/6.1.6InformesdeSeguimientoPoliticasMIPG\/InformedepoliticasdegestionMIPG2.docx\" target=\"_blank\" rel=\"noopener\" data-uw-styling-context=\"true\">Informe de pol\u00edticas de gesti\u00f3n MIPG corte 30 de Junio del 2020<\/a><\/strong><\/div>[\/vc_column_text][vc_column_text css=&#8221;.vc_custom_1633531208467{margin-top: 5px !important;margin-right: 5px !important;margin-bottom: 5px !important;margin-left: 5px !important;border-top-width: 5px !important;border-right-width: 5px !important;border-bottom-width: 5px !important;border-left-width: 5px !important;padding-top: 5px !important;padding-right: 5px !important;padding-bottom: 5px !important;padding-left: 5px !important;}&#8221;]<div class=\"bs-shortcode-alert alert alert-danger\"><strong><a href=\"https:\/\/www.umv.gov.co\/portal\/wp-content\/uploads\/2021\/07\/1er-Trim-Informe-de-politicas-de-gestion-MIPG-1.docx\" data-uw-styling-context=\"true\">Informe de pol\u00edticas de gesti\u00f3n MIPG corte 30 de Marzo del 2021<\/a><\/strong><\/div>[\/vc_column_text][vc_column_text css=&#8221;.vc_custom_1633531208467{margin-top: 5px !important;margin-right: 5px !important;margin-bottom: 5px !important;margin-left: 5px !important;border-top-width: 5px !important;border-right-width: 5px !important;border-bottom-width: 5px !important;border-left-width: 5px !important;padding-top: 5px !important;padding-right: 5px !important;padding-bottom: 5px !important;padding-left: 5px !important;}&#8221;]<div class=\"bs-shortcode-alert alert alert-danger\"><strong><a href=\"https:\/\/www.umv.gov.co\/portal\/wp-content\/uploads\/2022\/04\/4to-Informe-de-politicas-de-gestion-MIPG-1.docx\" data-uw-styling-context=\"true\">Cuarto Informe de Gesti\u00f3n Pol\u00edticas de Gesti\u00f3n y Desempe\u00f1o 2021<\/a><\/strong><\/div>[\/vc_column_text][\/vc_column][vc_column width=&#8221;1\/3&#8243;][vc_column_text css=&#8221;.vc_custom_1633531192888{margin-top: 5px !important;margin-right: 5px !important;margin-bottom: 5px !important;margin-left: 5px !important;border-top-width: 5px !important;border-right-width: 5px !important;border-bottom-width: 5px !important;border-left-width: 5px !important;padding-top: 5px !important;padding-right: 5px !important;padding-bottom: 5px !important;padding-left: 5px !important;}&#8221;]<div class=\"bs-shortcode-alert alert alert-danger\"><strong><a href=\"https:\/\/www.umv.gov.co\/_transparencia2017\/Transparencia-Pagina-WEB\/6.Planeacion\/6.1Politicaslineamientosymanuales\/6.1.6InformesdeSeguimientoPoliticasMIPG\/3erTRIMInformedepoliticasdegestionMIPG.docx\" target=\"_blank\" rel=\"noopener\" data-uw-styling-context=\"true\">Informe de pol\u00edticas de gesti\u00f3n MIPG corte 30 de septiembre del 2020<\/a><\/strong><\/div>[\/vc_column_text][vc_column_text css=&#8221;.vc_custom_1633531208467{margin-top: 5px !important;margin-right: 5px !important;margin-bottom: 5px !important;margin-left: 5px !important;border-top-width: 5px !important;border-right-width: 5px !important;border-bottom-width: 5px !important;border-left-width: 5px !important;padding-top: 5px !important;padding-right: 5px !important;padding-bottom: 5px !important;padding-left: 5px !important;}&#8221;]<div class=\"bs-shortcode-alert alert alert-danger\"><strong><a href=\"https:\/\/www.umv.gov.co\/portal\/wp-content\/uploads\/2022\/03\/2do-Trim-Informe-de-politicas-de-gestion-MIPG.docx\">Informe de Pol\u00edticas de Gesti\u00f3n MIPG Segundo trimestre 2021<\/a><\/strong><\/div>[\/vc_column_text][\/vc_column][vc_column width=&#8221;1\/3&#8243;][vc_column_text css=&#8221;.vc_custom_1633531201086{margin-top: 5px !important;margin-right: 5px !important;margin-bottom: 5px !important;margin-left: 5px !important;border-top-width: 5px !important;border-right-width: 5px !important;border-bottom-width: 5px !important;border-left-width: 5px !important;padding-top: 5px !important;padding-right: 5px !important;padding-bottom: 5px !important;padding-left: 5px !important;}&#8221;]<div class=\"bs-shortcode-alert alert alert-danger\"><strong><a href=\"https:\/\/www.umv.gov.co\/_transparencia2017\/Transparencia-Pagina-WEB\/6.Planeacion\/6.1Politicaslineamientosymanuales\/6.1.6InformesdeSeguimientoPoliticasMIPG\/4toTRIMInformedepoliticasdegestionMIPG1.docx\" target=\"_blank\" rel=\"noopener\" data-uw-styling-context=\"true\">Informe de pol\u00edticas de gesti\u00f3n MIPG corte 30 de diciembre del 2020<\/a><\/strong><\/div>[\/vc_column_text][vc_column_text css=&#8221;.vc_custom_1633531208467{margin-top: 5px !important;margin-right: 5px !important;margin-bottom: 5px !important;margin-left: 5px !important;border-top-width: 5px !important;border-right-width: 5px !important;border-bottom-width: 5px !important;border-left-width: 5px !important;padding-top: 5px !important;padding-right: 5px !important;padding-bottom: 5px !important;padding-left: 5px !important;}&#8221;]<div class=\"bs-shortcode-alert alert alert-danger\"><strong><a href=\"https:\/\/www.umv.gov.co\/portal\/wp-content\/uploads\/2022\/03\/3er-Informe-de-politicas-de-gestion-MIPG.docx\">Informe de Pol\u00edticas de Gesti\u00f3n MIPG Tercer trimestre 2021<\/a><\/strong><\/div>[\/vc_column_text][\/vc_column][\/vc_row][vc_row pix_particles_check=&#8221;&#8221;][vc_column][vc_column_text]&nbsp;[\/vc_column_text][\/vc_column][\/vc_row][vc_row pix_particles_check=&#8221;&#8221;][vc_column][\/vc_column][\/vc_row]<\/div>","protected":false},"excerpt":{"rendered":"[vc_row pix_particles_check=&#8221;&#8221; css=&#8221;.vc_custom_1631228172550{background-color: #ffffff !important;}&#8221;][vc_column][\/vc_column][\/vc_row][vc_row pix_particles_check=&#8221;&#8221; css=&#8221;.vc_custom_1631224850637{background-color: #ffffff !important;}&#8221;][vc_column width=&#8221;1\/4&#8243;][vc_column_text css=&#8221;.vc_custom_1776961131217{margin-top: 5px !important;margin-right: 5px !important;margin-bottom: 5px !important;margin-left: 5px !important;border-top-width: 5px !important;border-right-width: 5px !important;border-bottom-width: 5px !important;border-left-width: 5px !important;padding-top: 5px !important;padding-right: 5px !important;padding-bottom: 5px !important;padding-left: 5px !important;}&#8221;]Informe de pol\u00edticas de gesti\u00f3n MIPG&#8230;","protected":false},"author":1,"featured_media":0,"parent":509,"menu_order":0,"comment_status":"closed","ping_status":"closed","template":"","meta":{"_monsterinsights_skip_tracking":false,"_monsterinsights_sitenote_active":false,"_monsterinsights_sitenote_note":"","_monsterinsights_sitenote_category":0,"footnotes":""},"class_list":["post-18351","page","type-page","status-publish","hentry"],"_links":{"self":[{"href":"https:\/\/www.umv.gov.co\/portal\/wp-json\/wp\/v2\/pages\/18351","targetHints":{"allow":["GET"]}}],"collection":[{"href":"https:\/\/www.umv.gov.co\/portal\/wp-json\/wp\/v2\/pages"}],"about":[{"href":"https:\/\/www.umv.gov.co\/portal\/wp-json\/wp\/v2\/types\/page"}],"author":[{"embeddable":true,"href":"https:\/\/www.umv.gov.co\/portal\/wp-json\/wp\/v2\/users\/1"}],"replies":[{"embeddable":true,"href":"https:\/\/www.umv.gov.co\/portal\/wp-json\/wp\/v2\/comments?post=18351"}],"version-history":[{"count":1,"href":"https:\/\/www.umv.gov.co\/portal\/wp-json\/wp\/v2\/pages\/18351\/revisions"}],"predecessor-version":[{"id":56790,"href":"https:\/\/www.umv.gov.co\/portal\/wp-json\/wp\/v2\/pages\/18351\/revisions\/56790"}],"up":[{"embeddable":true,"href":"https:\/\/www.umv.gov.co\/portal\/wp-json\/wp\/v2\/pages\/509"}],"wp:attachment":[{"href":"https:\/\/www.umv.gov.co\/portal\/wp-json\/wp\/v2\/media?parent=18351"}],"curies":[{"name":"wp","href":"https:\/\/api.w.org\/{rel}","templated":true}]}}