{"id":1457,"date":"2017-05-06T16:53:42","date_gmt":"2017-05-06T16:53:42","guid":{"rendered":"https:\/\/www.umv.gov.co\/portal\/?page_id=1457"},"modified":"2025-09-09T22:46:26","modified_gmt":"2025-09-09T22:46:26","slug":"ofertas-de-empleo","status":"publish","type":"page","link":"https:\/\/www.umv.gov.co\/portal\/ofertas-de-empleo\/","title":{"rendered":"Ofertas de Empleo"},"content":{"rendered":"<div class=\"wpb-content-wrapper\">[vc_row pix_particles_check=&#8221;&#8221;][vc_column width=&#8221;1\/2&#8243;]<a  href=\"https:\/\/www.umv.gov.co\/portal\/wp-content\/uploads\/2025\/09\/Circular-Conjunta-No.-005-de-2025-_SG-DASCD-Practicas-laborales.pdf\" class=\"btn mb-2    vc_custom_1757457981554   text-white btn-secondary d-inline-flex align-items-center      btn-lg\" target=\"_blank\" rel=\"noopener\"    ><span class=\"font-weight-bold \" >Circular 05 Convocatoria 2025 - II Pr\u00e1cticas Laborales 'Parche Distrito'<\/span><\/a><a  href=\"https:\/\/www.umv.gov.co\/portal\/wp-content\/uploads\/2025\/09\/23.-UAERMV.xlsx\" class=\"btn mb-2      text-white btn-secondary d-inline-flex align-items-center      btn-lg\" target=\"_blank\" rel=\"noopener\"    ><span class=\"font-weight-bold \" >Consulte aqu\u00ed el listado de plazas de practicas laborales ofertadas de la Unidad Administrativa Especial de Rehabilitaci\u00f3n y Mantenimiento Vial<\/span><\/a>[vc_column_text css=&#8221;.vc_custom_1606330592359{margin-bottom: 1px !important;border-bottom-width: 1px !important;padding-bottom: 1px !important;}&#8221;]<img loading=\"lazy\" decoding=\"async\" class=\"wp-image-14022 size-medium aligncenter\" src=\"https:\/\/www.umv.gov.co\/portal\/wp-content\/uploads\/2020\/11\/Logos-Impresion-3-29-300x225.jpg\" alt=\"Bogot\u00e1 Talento No Palanca\" width=\"300\" height=\"225\" srcset=\"https:\/\/www.umv.gov.co\/portal\/wp-content\/uploads\/2020\/11\/Logos-Impresion-3-29-300x225.jpg 300w, https:\/\/www.umv.gov.co\/portal\/wp-content\/uploads\/2020\/11\/Logos-Impresion-3-29-86x64.jpg 86w, https:\/\/www.umv.gov.co\/portal\/wp-content\/uploads\/2020\/11\/Logos-Impresion-3-29.jpg 401w\" sizes=\"auto, (max-width: 300px) 100vw, 300px\" \/>[\/vc_column_text][vc_btn title=&#8221;<b>Ingresar al Banco de Hojas de Vida de\r\nBogot\u00e1 D.C.<\/b>&#8221; style=&#8221;gradient-custom&#8221; gradient_custom_color_1=&#8221;#e01930&#8243; gradient_custom_color_2=&#8221;#a9b71b&#8221; size=&#8221;lg&#8221; align=&#8221;center&#8221; i_icon_fontawesome=&#8221;fa fa-external-link&#8221; css=&#8221;.vc_custom_1606330690560{margin-top: 1px !important;border-top-width: 1px !important;padding-top: 1px !important;}&#8221; button_block=&#8221;true&#8221; add_icon=&#8221;true&#8221; link=&#8221;url:http%3A%2F%2Fwww.talentonopalanca.gov.co|title:DASCD|target:%20_blank|&#8221;][\/vc_column][vc_column width=&#8221;1\/2&#8243;][vc_gallery interval=&#8221;10&#8243; images=&#8221;50390,50391,50392,50393,50394&#8243; img_size=&#8221;medium&#8221; css=&#8221;&#8221;][\/vc_column][\/vc_row][vc_row pix_particles_check=&#8221;&#8221; css=&#8221;.vc_custom_1725227800673{margin-top: -20px !important;}&#8221;][vc_column width=&#8221;2\/3&#8243;]<span class=\"pix-badge-element h6 d-inline-flex mr-1 \"  ><span class=\"badge font-weight-bold secondary-font  bg-secondary  vc_custom_1725227621831  \" style=\" \"><span class=\"text-white\" style=\"\">DEPARTAMENTO ADMINISTRATIVO DEL SERVICIO CIVIL DISTRITAL (DASCD)<\/span><\/span><\/span>[vc_column_text]El sistema de informaci\u00f3n Distrital del Empleo y la Adminstraci\u00f3n P\u00fablica-SIDEAP- es un instrumento integral que permite la formulaci\u00f3n de polit\u00edticas para garantizar la planificaci\u00f3n, el desarrollo y la gesti\u00f3n del talento humano en las entidades de la adminstraci\u00f3n Distrital\r\n\r\nEl Banco de Hojas de Vida de Bogot\u00e1, D.C. es una herramienta abierta y gratuita que busca personas interesadas en vincularse mediante contrato de prestaci\u00f3n de servicios profesionales y\/o de apoyo a la gesti\u00f3n a las entidades y organismos distritales, puedan registrar su perfil profesional o laboral sin que, en ning\u00fan caso, conlleve la obligaci\u00f3n de vinculaci\u00f3n.\r\n<div class=\"bs-shortcode-alert alert alert-simple\">El aplicativo web bajo el dominio:\u00a0<span class=\"resaltado\"> <a href=\"https:\/\/talentonopalanca.gov.co\/\" target=\"blank\" rel=\"noopener\"><strong>www.talentonopalanca.gov.co<\/strong><\/a><\/span> es administrado por el Departamento Administrativo del Servicio Civil Distrital (DASCD) y est\u00e1 disponible para que los ciudadanos registren su perfil con datos b\u00e1sicos de identificaci\u00f3n, nivel educativo, experiencia, informaci\u00f3n de contacto y, las \u00e1reas y entidades de inter\u00e9s profesional; adem\u00e1s deben adjuntar, la fotocopia de su documento de identidad y su hoja de vida.<\/div>\r\n[\/vc_column_text][\/vc_column][vc_column width=&#8221;1\/3&#8243;]<span  class=\"btn mb-2      text-white btn-secondary d-inline-flex align-items-center      btn-md\"     ><span class=\"font-weight-bold \" >PASO A PASO PARA POSTULACIONES A OFERTAS LABORALES | AGENCIA DE EMPLEO Y EMPRENDIMIENTO COMPENSAR.<\/span><\/span>[vc_video link=&#8221;https:\/\/www.youtube.com\/watch?v=hXmNw243Twg&#8221; css=&#8221;&#8221;][\/vc_column][\/vc_row][vc_row pix_particles_check=&#8221;&#8221;][vc_column width=&#8221;2\/3&#8243;][\/vc_column][vc_column width=&#8221;1\/3&#8243;][\/vc_column][\/vc_row]<\/div>","protected":false},"excerpt":{"rendered":"[vc_row pix_particles_check=&#8221;&#8221;][vc_column width=&#8221;1\/2&#8243;][vc_column_text css=&#8221;.vc_custom_1606330592359{margin-bottom: 1px !important;border-bottom-width: 1px !important;padding-bottom: 1px !important;}&#8221;][\/vc_column_text][vc_btn title=&#8221;Ingresar al Banco de Hojas de Vida de Bogot\u00e1 D.C.&#8221; style=&#8221;gradient-custom&#8221; gradient_custom_color_1=&#8221;#e01930&#8243; gradient_custom_color_2=&#8221;#a9b71b&#8221; size=&#8221;lg&#8221; align=&#8221;center&#8221; i_icon_fontawesome=&#8221;fa fa-external-link&#8221; css=&#8221;.vc_custom_1606330690560{margin-top: 1px !important;border-top-width: 1px !important;padding-top: 1px !important;}&#8221; button_block=&#8221;true&#8221; add_icon=&#8221;true&#8221; link=&#8221;url:http%3A%2F%2Fwww.talentonopalanca.gov.co|title:DASCD|target:%20_blank|&#8221;][\/vc_column][vc_column width=&#8221;1\/2&#8243;][vc_gallery interval=&#8221;10&#8243; images=&#8221;50390,50391,50392,50393,50394&#8243;&#8230;","protected":false},"author":1,"featured_media":0,"parent":0,"menu_order":0,"comment_status":"closed","ping_status":"closed","template":"","meta":{"_monsterinsights_skip_tracking":false,"_monsterinsights_sitenote_active":false,"_monsterinsights_sitenote_note":"","_monsterinsights_sitenote_category":0,"footnotes":""},"class_list":["post-1457","page","type-page","status-publish","hentry"],"_links":{"self":[{"href":"https:\/\/www.umv.gov.co\/portal\/wp-json\/wp\/v2\/pages\/1457","targetHints":{"allow":["GET"]}}],"collection":[{"href":"https:\/\/www.umv.gov.co\/portal\/wp-json\/wp\/v2\/pages"}],"about":[{"href":"https:\/\/www.umv.gov.co\/portal\/wp-json\/wp\/v2\/types\/page"}],"author":[{"embeddable":true,"href":"https:\/\/www.umv.gov.co\/portal\/wp-json\/wp\/v2\/users\/1"}],"replies":[{"embeddable":true,"href":"https:\/\/www.umv.gov.co\/portal\/wp-json\/wp\/v2\/comments?post=1457"}],"version-history":[{"count":0,"href":"https:\/\/www.umv.gov.co\/portal\/wp-json\/wp\/v2\/pages\/1457\/revisions"}],"wp:attachment":[{"href":"https:\/\/www.umv.gov.co\/portal\/wp-json\/wp\/v2\/media?parent=1457"}],"curies":[{"name":"wp","href":"https:\/\/api.w.org\/{rel}","templated":true}]}}