{"id":1347,"date":"2017-05-04T00:50:47","date_gmt":"2017-05-04T00:50:47","guid":{"rendered":"https:\/\/www.umv.gov.co\/portal\/?page_id=1347"},"modified":"2024-11-06T20:50:50","modified_gmt":"2024-11-06T20:50:50","slug":"notificaciones-judiciales","status":"publish","type":"page","link":"https:\/\/www.umv.gov.co\/portal\/notificaciones-judiciales\/","title":{"rendered":"Notificaciones Judiciales"},"content":{"rendered":"<div class=\"wpb-content-wrapper\"><p>[vc_row pix_particles_check=&#8221;&#8221; css=&#8221;.vc_custom_1725052937494{margin-top: -20px !important;}&#8221;][vc_column]<span class=\"pix-badge-element h5 d-inline-flex mr-1 \"  ><span class=\"badge font-weight-bold secondary-font  bg-secondary  vc_custom_1725052965659  \" style=\" \"><span class=\"text-white\" style=\"\">Notificaciones judiciales:<\/span><\/span><\/span>[\/vc_column][\/vc_row][vc_row pix_particles_check=&#8221;&#8221;][vc_column][vc_column_text css=&#8221;&#8221;]<\/p>\n<div align=\"justify\">De conformidad con lo dispuesto en el art\u00edculo 197 del C\u00f3digo de Procedimiento Administrativo y de lo Contencioso Administrativo, que establece que &#8220;Las entidades p\u00fablicas de todos los niveles, las privadas que cumplan funciones p\u00fablicas y el Ministerio P\u00fablico que act\u00fae ante esta jurisdicci\u00f3n, deben tener un buz\u00f3n de correo electr\u00f3nico exclusivamente para recibir notificaciones judiciales. Para los efectos de este C\u00f3digo se entender\u00e1n como personales las notificaciones surtidas a trav\u00e9s del buz\u00f3n de correo electr\u00f3nico&#8221;, la Unidad Administrativa Especial de Rehabilitaci\u00f3n y Mantenimiento Vial ha habilitado para dicho y \u00fanico fin, el siguiente correo electr\u00f3nico: <mark class=\"bs-highlight bs-highlight-red\"><span style=\"color: #000080;\"><u>notificacionesjudiciales@umv.gov.co<\/u><\/span><\/mark><\/div>\n<p>[\/vc_column_text][vc_btn title=&#8221;<b>Si usted desea realizar una solicitud de otra naturaleza, tendr\u00e1 a su disposici\u00f3n los canales adecuados que se relacionan en la p\u00e1gina de Atenci\u00f3n Ciudadana<\/b>&#8221; style=&#8221;gradient-custom&#8221; gradient_custom_color_2=&#8221;#a9b71b&#8221; align=&#8221;center&#8221; i_icon_fontawesome=&#8221;&#8221; button_block=&#8221;true&#8221; add_icon=&#8221;true&#8221; link=&#8221;url:https%3A%2F%2Fwww.umv.gov.co%2Fportal%2Fsedes-y-horarios-de-atencion%2F|title:Sedes%20y%20Horarios%20de%20Atenci%C3%B3n||&#8221;]<span class=\"pix-badge-element h5 d-inline-flex mr-1 \"  ><span class=\"badge font-weight-bold secondary-font  bg-secondary  vc_custom_1730925868072  \" style=\" \"><span class=\"text-white\" style=\"\">Avisos Judiciales:<\/span><\/span><\/span>[\/vc_column][\/vc_row][vc_row pix_particles_check=&#8221;&#8221;][vc_column width=&#8221;1\/2&#8243;][vc_column_text css=&#8221;&#8221;]<\/p>\n<h6 style=\"text-align: center;\"><span data-olk-copy-source=\"MessageBody\">Auto admisorio de la demanda con Rad. 11001-33-42-050-2024-00130-00<\/span><\/h6>\n<p>[\/vc_column_text][\/vc_column][vc_column width=&#8221;1\/2&#8243;]<a  href=\"https:\/\/www.umv.gov.co\/portal\/wp-content\/uploads\/2024\/11\/69_AUTOQUEORDENA_OrdenaDemandantePubl_0_20241031144053950.pdf\" class=\"btn mb-2      text-white btn-secondary d-inline-flex align-items-center      btn-md\" target=\"_blank\" rel=\"noopener\"    ><span class=\"font-weight-bold \" >Consultar Auto demanda<\/span><\/a><a  href=\"https:\/\/www.umv.gov.co\/portal\/wp-content\/uploads\/2024\/11\/11_AUTOADMITEDEM_AdmitePopular2024001_0_20240829092409759.pdf\" class=\"btn mb-2      text-white btn-secondary d-inline-flex align-items-center      btn-md\" target=\"_blank\" rel=\"noopener\"    ><span class=\"font-weight-bold \" >Consultar Auto Admisi\u00f3n Demanda<\/span><\/a>[\/vc_column][\/vc_row]<\/p>\n<\/div>","protected":false},"excerpt":{"rendered":"[vc_row pix_particles_check=&#8221;&#8221; css=&#8221;.vc_custom_1725052937494{margin-top: -20px !important;}&#8221;][vc_column][\/vc_column][\/vc_row][vc_row pix_particles_check=&#8221;&#8221;][vc_column][vc_column_text css=&#8221;&#8221;] De conformidad con lo dispuesto en el art\u00edculo 197 del C\u00f3digo de Procedimiento Administrativo y de lo Contencioso Administrativo, que establece que &#8220;Las entidades p\u00fablicas de todos los niveles, las privadas que cumplan&#8230;","protected":false},"author":1,"featured_media":0,"parent":0,"menu_order":0,"comment_status":"closed","ping_status":"closed","template":"","meta":{"_monsterinsights_skip_tracking":false,"_monsterinsights_sitenote_active":false,"_monsterinsights_sitenote_note":"","_monsterinsights_sitenote_category":0,"footnotes":""},"class_list":["post-1347","page","type-page","status-publish","hentry"],"_links":{"self":[{"href":"https:\/\/www.umv.gov.co\/portal\/wp-json\/wp\/v2\/pages\/1347","targetHints":{"allow":["GET"]}}],"collection":[{"href":"https:\/\/www.umv.gov.co\/portal\/wp-json\/wp\/v2\/pages"}],"about":[{"href":"https:\/\/www.umv.gov.co\/portal\/wp-json\/wp\/v2\/types\/page"}],"author":[{"embeddable":true,"href":"https:\/\/www.umv.gov.co\/portal\/wp-json\/wp\/v2\/users\/1"}],"replies":[{"embeddable":true,"href":"https:\/\/www.umv.gov.co\/portal\/wp-json\/wp\/v2\/comments?post=1347"}],"version-history":[{"count":0,"href":"https:\/\/www.umv.gov.co\/portal\/wp-json\/wp\/v2\/pages\/1347\/revisions"}],"wp:attachment":[{"href":"https:\/\/www.umv.gov.co\/portal\/wp-json\/wp\/v2\/media?parent=1347"}],"curies":[{"name":"wp","href":"https:\/\/api.w.org\/{rel}","templated":true}]}}